-- https://www.phpmyadmin.net/
--
-- 主機: localhost:3306
-- 產生時間： 2026 年 02 月 07 日 19:32
-- 伺服器版本: 10.3.36-MariaDB-0+deb10u2
-- PHP 版本： 7.3.31-1~deb10u2




--
-- 資料庫： `AllTrue`
--

-- --------------------------------------------------------

--
-- 資料表結構 `BaseData`
--

CREATE TABLE `BaseData` (
  `id` int(11) NOT NULL,
  `Name` varchar(32) NOT NULL,
  `Val` varchar(32) NOT NULL,
  `TypeID` int(11) DEFAULT NULL,
  `OrderID` int(11) NOT NULL
) ENGINE=InnoDB DEFAULT CHARSET=utf8;

--
-- 資料表的匯出資料 `BaseData`
--

INSERT INTO `BaseData` (`id`, `Name`, `Val`, `TypeID`, `OrderID`) VALUES
(1, '年級', '小一', NULL, 1),
(2, '年級', '小二', NULL, 2),
(3, '年級', '小三', NULL, 3),
(4, '年級', '小四', NULL, 4),
(5, '年級', '小五', NULL, 5),
(6, '年級', '小六', NULL, 6),
(7, '年級', '國一', NULL, 7),
(8, '年級', '國二', NULL, 8),
(9, '年級', '國三', NULL, 9),
(10, '年級', '高一', NULL, 10),
(11, '年級', '高二', NULL, 11),
(12, '年級', '高三', NULL, 12),
(13, '課程', '國文', 1, 1),
(14, '課程', '英文', 1, 2),
(15, '課程', '數學', 1, 3),
(19, '課程', '社會', NULL, 8),
(20, '課程', '生物', NULL, 6),
(21, '課程', '理化', NULL, 4),
(22, '課程', '暑期班', NULL, 90),
(23, '課程', '地科', NULL, 7),
(24, '課程', '物理', NULL, 5),
(25, '1by', '一對一', 1, 1),
(26, '1by', '一對二', 2, 2),
(27, '1by', '一對三', 3, 3),
(28, '1by', '不收費', 0, 9),
(29, 'LearnTime', '上課一小時', 1, 1),
(30, 'LearnTime', '上課三小時', 3, 3),
(31, 'Week', '星期日', 0, 7),
(32, 'Week', '星期一', 1, 1),
(33, 'Week', '星期二', 2, 2),
(34, 'Week', '星期三', 3, 3),
(35, 'Week', '星期四', 4, 4),
(36, 'Week', '星期五', 5, 5),
(37, 'Week', '星期六', 6, 6),
(38, 'LearnTime', '上課二小時', 2, 2),
(39, '課程', '自修', NULL, 91),
(40, '課程', '綜合', 99, 99),
(41, 'Week1', '日', 0, 7),
(42, 'Week1', '一', 1, 1),
(43, 'Week1', '二', 2, 2),
(44, 'Week1', '三', 3, 3),
(45, 'Week1', '四', 4, 4),
(46, 'Week1', '五', 5, 5),
(47, 'Week1', '六', 6, 6),
(48, '教室', '台大', 201, 1),
(49, '教室', '清大', 202, 2),
(50, '教室', '成大', 203, 3),
(51, '教室', '政大', 204, 4),
(52, 'LearnTime', '上課四小時', 4, 4),
(53, 'LearnTime', '上課五小時', 5, 5);

-- --------------------------------------------------------

--
-- 資料表結構 `StudentClass`
--

CREATE TABLE `StudentClass` (
  `ID` bigint(20) UNSIGNED NOT NULL,
  `StudentID` int(11) NOT NULL,
  `GradeID` int(11) NOT NULL COMMENT '年級ID',
  `SubjectID` int(11) NOT NULL COMMENT '課程ID',
  `TeacherID` int(11) NOT NULL COMMENT '老師ID',
  `by1` int(11) NOT NULL COMMENT '一對X',
  `Period` int(11) NOT NULL DEFAULT 4 COMMENT '每一期幾星期',
  `StartDate` datetime NOT NULL,
  `EndDate` datetime DEFAULT NULL,
  `week` int(11) DEFAULT NULL,
  `time` time DEFAULT NULL,
  `week1` int(11) DEFAULT NULL,
  `time1` time DEFAULT NULL,
  `week2` int(11) DEFAULT NULL,
  `time2` time DEFAULT NULL,
  `week3` int(11) DEFAULT NULL,
  `time3` time DEFAULT NULL,
  `week4` int(11) DEFAULT NULL,
  `time4` time DEFAULT NULL,
  `week5` int(11) DEFAULT NULL,
  `time5` time DEFAULT NULL,
  `week6` int(11) DEFAULT NULL,
  `time6` time DEFAULT NULL,
  `TotalHours` int(11) NOT NULL,
  `Memo` varchar(512) DEFAULT NULL,
  `Charge` int(11) DEFAULT NULL COMMENT '學收',
  `Pay` int(11) DEFAULT NULL COMMENT '已收',
  `PayDate` date DEFAULT NULL COMMENT '已收日期',
  `Paid` int(11) NOT NULL DEFAULT 0 COMMENT '學費是否已收',
  `Disconunt` int(11) DEFAULT NULL COMMENT '優待',
  `Rate` float DEFAULT NULL COMMENT '科目數',
  `LearnTimeID` int(11) DEFAULT NULL COMMENT '上課時數',
  `RoomID` varchar(32) NOT NULL,
  `MDate` datetime NOT NULL DEFAULT current_timestamp(),
  `Stop` tinyint(1) NOT NULL DEFAULT 0 COMMENT '此課程是否結束'
) ENGINE=InnoDB DEFAULT CHARSET=utf8 COMMENT='學生課程';

--
-- 資料表的匯出資料 `StudentClass`
--

INSERT INTO `StudentClass` (`ID`, `StudentID`, `GradeID`, `SubjectID`, `TeacherID`, `by1`, `Period`, `StartDate`, `EndDate`, `week`, `time`, `week1`, `time1`, `week2`, `time2`, `week3`, `time3`, `week4`, `time4`, `week5`, `time5`, `week6`, `time6`, `TotalHours`, `Memo`, `Charge`, `Pay`, `PayDate`, `Paid`, `Disconunt`, `Rate`, `LearnTimeID`, `RoomID`, `MDate`, `Stop`) VALUES
(1, 1, 8, 15, 1, 3, 4, '2022-12-24 00:00:00', '2023-01-15 23:59:59', 6, '13:00:00', 0, '13:00:00', NULL, '00:00:00', NULL, '00:00:00', NULL, '00:00:00', NULL, '00:00:00', NULL, '00:00:00', 16, '', 7200, 3600, '2022-12-24', 1, 3600, NULL, 2, '48', '2023-01-12 16:38:16', 0),
(2, 1, 8, 15, 1, 3, 4, '2023-01-16 00:00:00', '2023-02-12 23:59:59', 6, '13:00:00', 0, '13:00:00', NULL, '00:00:00', NULL, '00:00:00', NULL, '00:00:00', NULL, '00:00:00', NULL, '00:00:00', 16, '', 7200, 3600, '2023-01-12', 1, 3600, NULL, 2, '48', '2023-01-12 16:39:25', 0),
(3, 2, 7, 15, 1, 3, 8, '2023-01-08 00:00:00', '2023-02-26 23:59:59', 0, '13:00:00', NULL, '00:00:00', NULL, '00:00:00', NULL, '00:00:00', NULL, '00:00:00', NULL, '00:00:00', NULL, '00:00:00', 16, '', 7200, 7200, '2023-01-12', 0, 0, NULL, 2, '48', '2023-01-12 16:44:47', 0),
(4, 2, 7, 15, 1, 3, 8, '2023-02-27 00:00:00', '2023-04-23 23:59:59', 0, '13:00:00', NULL, '00:00:00', NULL, '00:00:00', NULL, '00:00:00', NULL, '00:00:00', NULL, '00:00:00', NULL, '00:00:00', 16, '', 7200, 7200, '2023-03-20', 1, 0, NULL, 2, '48', '2023-03-20 12:52:00', 0),
(5, 3, 8, 21, 1, 3, 8, '2023-02-21 00:00:00', '2023-04-11 23:59:59', 2, '18:00:00', NULL, '00:00:00', NULL, '00:00:00', NULL, '00:00:00', NULL, '00:00:00', NULL, '00:00:00', NULL, '00:00:00', 16, '', 7200, 0, '2023-03-20', 0, 0, NULL, 2, '49', '2023-03-20 12:57:31', 0),
(6, 3, 8, 15, 1, 3, 8, '2023-02-24 00:00:00', '2023-04-14 23:59:59', 5, '18:00:00', NULL, '00:00:00', NULL, '00:00:00', NULL, '00:00:00', NULL, '00:00:00', NULL, '00:00:00', NULL, '00:00:00', 16, '', 7200, 0, NULL, 0, 0, NULL, 2, '49', '2023-03-20 12:59:28', 0),
(7, 1, 8, 15, 1, 3, 4, '2023-02-13 00:00:00', '2023-03-12 23:59:59', 6, '13:00:00', 0, '13:00:00', NULL, '00:00:00', NULL, '00:00:00', NULL, '00:00:00', NULL, '00:00:00', NULL, '00:00:00', 16, '', 7200, 3600, '2023-03-20', 0, 3600, NULL, 2, '49', '2023-03-20 13:02:05', 0),
(8, 1, 8, 15, 1, 3, 4, '2023-03-13 00:00:00', '2023-04-09 23:59:59', 6, '13:00:00', 0, '13:00:00', NULL, '00:00:00', NULL, '00:00:00', NULL, '00:00:00', NULL, '00:00:00', NULL, '00:00:00', 16, '', 7200, 3600, '2023-03-20', 0, 3600, NULL, 2, '49', '2023-03-20 13:03:35', 0),
(9, 4, 8, 14, 4, 3, 8, '2023-02-20 00:00:00', '2023-04-10 23:59:59', 1, '20:00:00', NULL, '00:00:00', NULL, '00:00:00', NULL, '00:00:00', NULL, '00:00:00', NULL, '00:00:00', NULL, '00:00:00', 16, '', 10800, 0, '2023-02-20', 0, 0, NULL, 2, '48', '2023-03-20 13:05:50', 0),
(10, 5, 12, 15, 5, 1, 4, '2023-03-17 00:00:00', '2023-04-07 23:59:59', 5, '20:00:00', NULL, '00:00:00', NULL, '00:00:00', NULL, '00:00:00', NULL, '00:00:00', NULL, '00:00:00', NULL, '00:00:00', 16, '', 3600, 0, NULL, 0, 0, NULL, 2, '48', '2023-03-20 13:08:03', 0),
(11, 7, 11, 13, 11, 1, 8, '2024-12-05 00:00:00', '2025-01-23 23:59:59', 4, '17:00:00', NULL, '00:00:00', NULL, '00:00:00', NULL, '00:00:00', NULL, '00:00:00', NULL, '00:00:00', NULL, '00:00:00', 16, '', 4000, 4000, '2024-12-05', 1, 0, NULL, 2, '49', '2024-12-05 12:48:52', 0),
(12, 8, 10, 24, 14, 2, 8, '2025-09-16 00:00:00', '2025-10-07 23:59:59', 2, '17:00:00', NULL, '00:00:00', NULL, '00:00:00', NULL, '00:00:00', NULL, '00:00:00', NULL, '00:00:00', NULL, '00:00:00', 16, '', 12000, 0, NULL, 0, 0, 1.5, 2, '48', '2025-09-18 19:36:50', 0),
(13, 10, 7, 15, 14, 2, 4, '2025-10-14 00:00:00', '2025-11-06 23:59:59', 2, '16:30:00', 4, '16:30:00', NULL, '00:00:00', NULL, '00:00:00', NULL, '00:00:00', NULL, '00:00:00', NULL, '00:00:00', 16, '', 12000, 12000, NULL, 1, 0, NULL, 2, '48', '2025-11-11 14:56:09', 0);

-- --------------------------------------------------------

--
-- 資料表結構 `StudentSingIn`
--

CREATE TABLE `StudentSingIn` (
  `id` bigint(20) NOT NULL,
  `StudentClassID` bigint(11) DEFAULT NULL COMMENT '學生課程ID',
  `StudentID` int(11) NOT NULL COMMENT '學生ID',
  `TeacherID` int(11) DEFAULT NULL COMMENT '老師ID',
  `GradeID` int(11) DEFAULT NULL COMMENT '課程年級',
  `SubjectID` int(11) DEFAULT NULL,
  `Get1byID` int(11) DEFAULT NULL,
  `Hours` int(11) DEFAULT NULL,
  `Memo` varchar(512) DEFAULT NULL,
  `SignInDT` datetime NOT NULL,
  `SignOutDT` datetime DEFAULT NULL,
  `MDT` datetime NOT NULL DEFAULT current_timestamp()
) ENGINE=InnoDB DEFAULT CHARSET=utf8;

--
-- 資料表的匯出資料 `StudentSingIn`
--

INSERT INTO `StudentSingIn` (`id`, `StudentClassID`, `StudentID`, `TeacherID`, `GradeID`, `SubjectID`, `Get1byID`, `Hours`, `Memo`, `SignInDT`, `SignOutDT`, `MDT`) VALUES
(1, 3, 2, 1, 7, 15, 3, 2, '', '2023-01-12 16:58:12', NULL, '2023-01-12 16:58:12'),
(2, NULL, 3, NULL, NULL, NULL, NULL, NULL, NULL, '2023-02-24 20:06:20', NULL, '2023-02-24 20:06:20'),
(3, NULL, 3, NULL, NULL, NULL, NULL, NULL, NULL, '2023-03-03 17:59:37', '2023-03-03 20:05:44', '2023-03-03 17:59:37'),
(4, NULL, 3, NULL, NULL, NULL, NULL, NULL, NULL, '2023-03-07 17:52:52', NULL, '2023-03-07 17:52:52'),
(5, NULL, 3, NULL, NULL, NULL, NULL, NULL, NULL, '2023-03-10 20:35:08', NULL, '2023-03-10 20:35:08'),
(6, NULL, 3, NULL, NULL, NULL, NULL, NULL, NULL, '2023-03-14 17:58:57', '2023-03-14 21:32:12', '2023-03-14 17:58:57'),
(7, 3, 2, 1, 7, 15, 3, 3, '', '2023-03-20 12:45:21', NULL, '2023-03-20 12:45:21'),
(8, NULL, 3, NULL, NULL, NULL, NULL, NULL, NULL, '2023-03-20 12:59:37', NULL, '2023-03-20 12:59:37'),
(9, NULL, 3, NULL, NULL, NULL, NULL, NULL, NULL, '2023-03-21 20:08:46', NULL, '2023-03-21 20:08:46'),
(10, NULL, 3, NULL, NULL, NULL, NULL, NULL, NULL, '2023-03-24 16:53:04', NULL, '2023-03-24 16:53:04'),
(11, NULL, 3, NULL, NULL, NULL, NULL, NULL, NULL, '2023-03-26 17:17:52', NULL, '2023-03-26 17:17:52'),
(12, 5, 3, 1, 8, 21, 3, 2, '', '2023-03-28 18:02:52', '2023-03-28 19:58:56', '2023-03-28 18:02:52'),
(13, 6, 3, 1, 8, 15, 3, 2, '', '2023-03-31 17:01:48', NULL, '2023-03-31 17:01:48'),
(14, 4, 2, 1, 7, 15, 3, 2, '', '2023-04-02 12:49:16', NULL, '2023-04-02 12:49:16'),
(15, 6, 3, 1, 8, 15, 3, 2, '', '2023-04-07 17:48:54', '2023-04-07 20:04:01', '2023-04-07 17:48:54'),
(16, 5, 3, 1, 8, 21, 3, 2, '', '2023-04-11 17:42:35', '2023-04-11 20:09:02', '2023-04-11 17:42:35'),
(17, 6, 3, 1, 8, 15, 3, 2, '', '2023-04-14 17:59:00', '2023-04-14 20:04:33', '2023-04-14 17:59:00'),
(18, NULL, 1, NULL, NULL, NULL, NULL, NULL, NULL, '2023-04-16 12:04:15', '2023-04-16 16:40:43', '2023-04-16 12:04:15'),
(19, NULL, 3, NULL, NULL, NULL, NULL, NULL, NULL, '2023-04-18 17:53:04', '2023-04-18 20:57:42', '2023-04-18 17:53:04'),
(20, NULL, 3, NULL, NULL, NULL, NULL, NULL, NULL, '2023-04-21 17:56:59', '2023-04-21 20:00:35', '2023-04-21 17:56:59'),
(21, NULL, 3, NULL, NULL, NULL, NULL, NULL, NULL, '2023-04-23 09:59:13', '2023-04-23 12:05:57', '2023-04-23 09:59:13'),
(22, NULL, 1, NULL, NULL, NULL, NULL, NULL, NULL, '2023-04-23 12:06:00', NULL, '2023-04-23 12:06:00'),
(23, 4, 2, 1, 7, 15, 3, 2, '', '2023-04-23 12:53:19', NULL, '2023-04-23 12:53:19'),
(24, NULL, 3, NULL, NULL, NULL, NULL, NULL, NULL, '2023-04-28 17:42:16', '2023-04-28 20:03:43', '2023-04-28 17:42:16'),
(25, NULL, 3, NULL, NULL, NULL, NULL, NULL, NULL, '2023-04-30 09:54:17', '2023-04-30 12:29:25', '2023-04-30 09:54:17'),
(26, NULL, 1, NULL, NULL, NULL, NULL, NULL, NULL, '2023-04-30 12:02:32', NULL, '2023-04-30 12:02:32'),
(27, NULL, 3, NULL, NULL, NULL, NULL, NULL, NULL, '2023-05-05 18:02:37', '2023-05-05 20:03:03', '2023-05-05 18:02:37'),
(28, NULL, 3, NULL, NULL, NULL, NULL, NULL, NULL, '2023-05-07 09:27:38', '2023-05-07 12:58:55', '2023-05-07 09:27:38'),
(29, NULL, 1, NULL, NULL, NULL, NULL, NULL, NULL, '2023-05-07 11:52:17', NULL, '2023-05-07 11:52:17'),
(30, NULL, 3, NULL, NULL, NULL, NULL, NULL, NULL, '2023-05-12 20:01:08', NULL, '2023-05-12 20:01:08'),
(31, NULL, 1, NULL, NULL, NULL, NULL, NULL, NULL, '2023-05-13 11:56:57', NULL, '2023-05-13 11:56:57'),
(32, NULL, 3, NULL, NULL, NULL, NULL, NULL, NULL, '2023-05-14 09:30:34', '2023-05-14 13:02:22', '2023-05-14 09:30:34'),
(33, NULL, 1, NULL, NULL, NULL, NULL, NULL, NULL, '2023-05-14 11:57:14', '2023-05-14 16:45:10', '2023-05-14 11:57:14'),
(34, NULL, 3, NULL, NULL, NULL, NULL, NULL, NULL, '2023-05-19 20:00:37', NULL, '2023-05-19 20:00:37'),
(35, NULL, 3, NULL, NULL, NULL, NULL, NULL, NULL, '2023-05-21 09:36:48', '2023-05-21 12:03:38', '2023-05-21 09:36:48'),
(36, NULL, 3, NULL, NULL, NULL, NULL, NULL, NULL, '2023-05-26 17:52:33', '2023-05-26 20:00:03', '2023-05-26 17:52:33'),
(37, NULL, 3, NULL, NULL, NULL, NULL, NULL, NULL, '2023-06-02 17:52:29', '2023-06-02 20:01:17', '2023-06-02 17:52:29'),
(38, NULL, 1, NULL, NULL, NULL, NULL, NULL, NULL, '2023-06-04 12:24:54', NULL, '2023-06-04 12:24:54'),
(39, NULL, 3, NULL, NULL, NULL, NULL, NULL, NULL, '2023-06-09 17:52:32', '2023-06-09 20:01:52', '2023-06-09 17:52:32'),
(40, NULL, 3, NULL, NULL, NULL, NULL, NULL, NULL, '2023-06-11 09:06:02', '2023-06-11 12:24:05', '2023-06-11 09:06:02'),
(41, NULL, 3, NULL, NULL, NULL, NULL, NULL, NULL, '2023-06-16 17:59:23', '2023-06-16 20:09:54', '2023-06-16 17:59:23'),
(42, NULL, 3, NULL, NULL, NULL, NULL, NULL, NULL, '2023-06-18 09:07:31', NULL, '2023-06-18 09:07:31'),
(43, NULL, 3, NULL, NULL, NULL, NULL, NULL, NULL, '2023-06-20 17:57:58', '2023-06-20 20:18:42', '2023-06-20 17:57:58'),
(44, NULL, 3, NULL, NULL, NULL, NULL, NULL, NULL, '2023-07-06 13:11:21', '2023-07-06 15:27:49', '2023-07-06 13:11:21'),
(45, NULL, 3, NULL, NULL, NULL, NULL, NULL, NULL, '2023-07-07 18:05:22', '2023-07-07 20:00:58', '2023-07-07 18:05:22'),
(46, NULL, 3, NULL, NULL, NULL, NULL, NULL, NULL, '2023-07-13 12:50:56', '2023-07-13 16:29:02', '2023-07-13 12:50:56'),
(47, NULL, 3, NULL, NULL, NULL, NULL, NULL, NULL, '2023-07-14 17:56:12', '2023-07-14 20:00:06', '2023-07-14 17:56:12'),
(48, NULL, 1, NULL, NULL, NULL, NULL, NULL, NULL, '2023-07-15 15:05:53', '2023-07-15 15:19:01', '2023-07-15 15:05:53'),
(49, NULL, 1, NULL, NULL, NULL, NULL, NULL, NULL, '2023-07-15 15:20:55', '2023-07-15 15:38:22', '2023-07-15 15:20:55'),
(50, NULL, 1, NULL, NULL, NULL, NULL, NULL, NULL, '2023-07-15 15:39:58', NULL, '2023-07-15 15:39:58'),
(51, NULL, 1, NULL, NULL, NULL, NULL, NULL, NULL, '2023-07-16 12:26:23', '2023-07-16 15:53:38', '2023-07-16 12:26:23'),
(52, NULL, 3, NULL, NULL, NULL, NULL, NULL, NULL, '2023-07-20 13:26:54', '2023-07-20 15:37:18', '2023-07-20 13:26:54'),
(53, NULL, 1, NULL, NULL, NULL, NULL, NULL, NULL, '2023-07-22 13:06:10', NULL, '2023-07-22 13:06:10'),
(54, NULL, 1, NULL, NULL, NULL, NULL, NULL, NULL, '2023-07-23 12:42:46', NULL, '2023-07-23 12:42:46'),
(55, NULL, 3, NULL, NULL, NULL, NULL, NULL, NULL, '2023-07-27 13:00:57', '2023-07-27 15:50:45', '2023-07-27 13:00:57'),
(56, NULL, 1, NULL, NULL, NULL, NULL, NULL, NULL, '2023-07-30 12:01:41', '2023-07-30 16:29:32', '2023-07-30 12:01:41'),
(57, NULL, 3, NULL, NULL, NULL, NULL, NULL, NULL, '2023-08-04 17:52:38', '2023-08-04 20:02:00', '2023-08-04 17:52:38'),
(58, NULL, 1, NULL, NULL, NULL, NULL, NULL, NULL, '2023-08-05 12:00:19', NULL, '2023-08-05 12:00:19'),
(59, NULL, 3, NULL, NULL, NULL, NULL, NULL, NULL, '2023-08-08 15:05:39', NULL, '2023-08-08 15:05:39'),
(60, NULL, 3, NULL, NULL, NULL, NULL, NULL, NULL, '2023-08-10 13:04:06', NULL, '2023-08-10 13:04:06'),
(61, NULL, 1, NULL, NULL, NULL, NULL, NULL, NULL, '2023-08-12 12:50:37', NULL, '2023-08-12 12:50:37'),
(62, NULL, 3, NULL, NULL, NULL, NULL, NULL, NULL, '2023-08-17 12:27:04', NULL, '2023-08-17 12:27:04'),
(63, NULL, 3, NULL, NULL, NULL, NULL, NULL, NULL, '2023-08-18 18:02:19', NULL, '2023-08-18 18:02:19'),
(64, NULL, 3, NULL, NULL, NULL, NULL, NULL, NULL, '2023-09-08 18:02:56', NULL, '2023-09-08 18:02:56'),
(65, NULL, 3, NULL, NULL, NULL, NULL, NULL, NULL, '2023-09-28 19:40:38', NULL, '2023-09-28 19:40:38'),
(66, NULL, 1, NULL, NULL, NULL, NULL, NULL, NULL, '2023-09-30 11:33:01', NULL, '2023-09-30 11:33:01'),
(67, NULL, 3, NULL, NULL, NULL, NULL, NULL, NULL, '2024-01-15 17:44:56', NULL, '2024-01-15 17:44:56'),
(68, NULL, 6, NULL, NULL, NULL, NULL, NULL, NULL, '2024-04-11 18:39:30', NULL, '2024-04-11 18:39:30'),
(69, 11, 7, 11, 11, 13, 1, 2, '', '2024-12-05 12:45:35', NULL, '2024-12-05 12:45:35'),
(70, NULL, 6, NULL, NULL, NULL, NULL, NULL, NULL, '2025-09-18 19:37:24', NULL, '2025-09-18 19:37:24'),
(71, 12, 8, 14, 10, 24, 2, 2, '', '2025-09-18 19:38:20', NULL, '2025-09-18 19:38:20');

-- --------------------------------------------------------

--
-- 資料表結構 `Subject`
--

CREATE TABLE `Subject` (
  `id` int(11) NOT NULL,
  `School_id` int(11) NOT NULL COMMENT '1:國小 2:國中 3:高中',
  `Grade_no` int(11) NOT NULL COMMENT '年級',
  `Subject_Name` varchar(16) NOT NULL COMMENT '科目名稱'
) ENGINE=InnoDB DEFAULT CHARSET=utf8 COMMENT='科目';

-- --------------------------------------------------------

--
-- 資料表結構 `TeacherSchedule`
--

CREATE TABLE `TeacherSchedule` (
  `id` int(11) NOT NULL,
  `Campus_ID` int(11) NOT NULL COMMENT '分校',
  `Teacher_ID` int(11) NOT NULL COMMENT '老師',
  `Subject_ID` int(11) NOT NULL COMMENT '課程',
  `Week` int(11) NOT NULL COMMENT '星期 0-6',
  `StartTime` int(11) NOT NULL COMMENT '上課起始時間',
  `EndTime` int(11) NOT NULL COMMENT '上課結束時間',
  `MDT` int(11) NOT NULL
) ENGINE=InnoDB DEFAULT CHARSET=utf8 COMMENT='老師周排程';

-- --------------------------------------------------------

--
-- 資料表結構 `TeacherSingIn`
--

CREATE TABLE `TeacherSingIn` (
  `id` bigint(20) NOT NULL,
  `TeacherID` int(11) DEFAULT NULL COMMENT '老師ID',
  `Hours` int(11) DEFAULT NULL,
  `Memo` varchar(512) DEFAULT NULL,
  `SignInDT` datetime NOT NULL,
  `SignOutDT` datetime DEFAULT NULL
) ENGINE=InnoDB DEFAULT CHARSET=utf8;

--
-- 資料表的匯出資料 `TeacherSingIn`
--

INSERT INTO `TeacherSingIn` (`id`, `TeacherID`, `Hours`, `Memo`, `SignInDT`, `SignOutDT`) VALUES
(1, 2, NULL, NULL, '2023-01-12 15:32:30', NULL),
(2, 2, NULL, NULL, '2023-01-12 15:34:08', NULL),
(3, 2, NULL, NULL, '2023-01-12 15:39:59', NULL),
(4, 2, NULL, NULL, '2023-01-12 15:45:58', NULL),
(5, 2, NULL, NULL, '2023-01-12 15:46:10', NULL),
(6, 2, NULL, NULL, '2023-01-12 16:21:10', NULL),
(7, 2, NULL, NULL, '2023-01-12 16:21:30', NULL),
(8, 2, NULL, NULL, '2023-01-12 16:21:41', NULL),
(9, 2, NULL, NULL, '2023-01-12 16:24:42', NULL),
(10, 2, NULL, NULL, '2023-01-14 09:41:42', NULL),
(11, 2, NULL, NULL, '2023-01-14 19:02:11', NULL),
(12, 2, NULL, NULL, '2023-01-16 12:16:52', NULL),
(13, 2, NULL, NULL, '2023-01-16 21:00:24', NULL),
(14, 3, NULL, NULL, '2023-01-17 09:31:01', NULL),
(15, 1, NULL, NULL, '2023-01-17 12:29:13', NULL),
(16, 3, NULL, NULL, '2023-01-17 14:19:40', NULL),
(17, 1, NULL, NULL, '2023-01-17 21:00:20', NULL),
(18, 3, NULL, NULL, '2023-01-18 09:30:08', NULL),
(19, 2, NULL, NULL, '2023-01-18 09:50:00', NULL),
(20, 1, NULL, NULL, '2023-01-18 12:53:09', NULL),
(21, 3, NULL, NULL, '2023-01-18 14:20:21', NULL),
(22, 2, NULL, NULL, '2023-01-18 19:03:33', NULL),
(23, 1, NULL, NULL, '2023-01-18 21:27:28', NULL),
(24, 2, NULL, NULL, '2023-01-19 09:16:10', NULL),
(25, 2, NULL, NULL, '2023-01-19 19:00:03', NULL),
(26, 2, NULL, NULL, '2023-01-27 09:22:19', NULL),
(27, 1, NULL, NULL, '2023-01-27 09:52:14', NULL),
(28, 2, NULL, NULL, '2023-01-27 19:06:37', NULL),
(29, 1, NULL, NULL, '2023-01-27 19:08:01', NULL),
(30, 2, NULL, NULL, '2023-01-28 09:23:26', NULL),
(31, 1, NULL, NULL, '2023-01-28 09:51:01', NULL),
(32, 2, NULL, NULL, '2023-01-28 19:37:51', NULL),
(33, 1, NULL, NULL, '2023-01-28 19:37:54', NULL),
(34, 2, NULL, NULL, '2023-01-29 09:12:19', NULL),
(35, 2, NULL, NULL, '2023-01-29 19:01:23', NULL),
(36, 1, NULL, NULL, '2023-01-29 19:01:45', NULL),
(37, 2, NULL, NULL, '2023-01-30 09:22:03', NULL),
(38, 1, NULL, NULL, '2023-01-30 12:26:30', NULL),
(39, 2, NULL, NULL, '2023-01-30 19:00:05', NULL),
(40, 1, NULL, NULL, '2023-01-31 09:43:54', NULL),
(41, 1, NULL, NULL, '2023-01-31 19:37:03', NULL),
(42, 2, NULL, NULL, '2023-02-01 09:18:31', NULL),
(43, 1, NULL, NULL, '2023-02-01 13:00:00', NULL),
(44, 2, NULL, NULL, '2023-02-01 19:01:05', NULL),
(45, 1, NULL, NULL, '2023-02-01 21:01:51', NULL),
(46, 2, NULL, NULL, '2023-02-02 09:31:35', NULL),
(47, 2, NULL, NULL, '2023-02-03 09:12:16', NULL),
(48, 1, NULL, NULL, '2023-02-03 12:36:25', NULL),
(49, 2, NULL, NULL, '2023-02-03 19:33:11', NULL),
(50, 1, NULL, NULL, '2023-02-03 21:07:33', NULL),
(51, 1, NULL, NULL, '2023-02-04 09:57:46', NULL),
(52, 1, NULL, NULL, '2023-02-04 19:09:58', NULL),
(53, 2, NULL, NULL, '2023-02-05 09:00:13', NULL),
(54, 1, NULL, NULL, '2023-02-05 10:00:16', NULL),
(55, 2, NULL, NULL, '2023-02-05 19:02:44', NULL),
(56, 1, NULL, NULL, '2023-02-05 19:02:53', NULL),
(57, 1, NULL, NULL, '2023-02-06 19:33:02', NULL),
(58, 2, NULL, NULL, '2023-02-06 22:18:40', NULL),
(59, 1, NULL, NULL, '2023-02-07 09:57:57', NULL),
(60, 1, NULL, NULL, '2023-02-07 19:03:49', NULL),
(61, 2, NULL, NULL, '2023-02-08 09:19:17', NULL),
(62, 1, NULL, NULL, '2023-02-08 12:59:39', NULL),
(63, 2, NULL, NULL, '2023-02-08 19:12:29', NULL),
(64, 1, NULL, NULL, '2023-02-08 21:11:56', NULL),
(65, 2, NULL, NULL, '2023-02-09 12:28:59', NULL),
(66, 4, NULL, NULL, '2023-02-09 17:54:43', NULL),
(67, 4, NULL, NULL, '2023-02-09 21:00:35', NULL),
(68, 2, NULL, NULL, '2023-02-09 21:00:38', NULL),
(69, 2, NULL, NULL, '2023-02-10 09:30:18', NULL),
(70, 1, NULL, NULL, '2023-02-10 12:29:49', NULL),
(71, 2, NULL, NULL, '2023-02-10 19:13:54', NULL),
(72, 1, NULL, NULL, '2023-02-10 21:19:00', NULL),
(73, 1, NULL, NULL, '2023-02-11 09:58:35', NULL),
(74, 2, NULL, NULL, '2023-02-12 09:26:39', NULL),
(75, 1, NULL, NULL, '2023-02-12 09:59:29', NULL),
(76, 1, NULL, NULL, '2023-02-12 19:00:28', NULL),
(77, 2, NULL, NULL, '2023-02-12 19:01:15', NULL),
(78, 1, NULL, NULL, '2023-02-14 09:47:54', NULL),
(79, 2, NULL, NULL, '2023-02-14 12:19:38', NULL),
(80, 1, NULL, NULL, '2023-02-14 19:14:40', NULL),
(81, 2, NULL, NULL, '2023-02-14 21:00:06', NULL),
(82, 3, NULL, NULL, '2023-02-15 09:48:33', NULL),
(83, 1, NULL, NULL, '2023-02-15 09:48:52', NULL),
(84, 3, NULL, NULL, '2023-02-15 16:19:51', NULL),
(85, 1, NULL, NULL, '2023-02-15 20:46:13', NULL),
(86, 1, NULL, NULL, '2023-02-16 09:50:19', NULL),
(87, 2, NULL, NULL, '2023-02-16 13:19:59', NULL),
(88, 4, NULL, NULL, '2023-02-16 17:48:45', NULL),
(89, 1, NULL, NULL, '2023-02-16 19:20:08', NULL),
(90, 4, NULL, NULL, '2023-02-16 22:06:48', NULL),
(91, 2, NULL, NULL, '2023-02-16 22:08:20', NULL),
(92, 3, NULL, NULL, '2023-02-17 09:37:27', NULL),
(93, 1, NULL, NULL, '2023-02-17 09:53:52', NULL),
(94, 2, NULL, NULL, '2023-02-17 13:16:05', NULL),
(95, 3, NULL, NULL, '2023-02-17 16:00:34', NULL),
(96, 1, NULL, NULL, '2023-02-17 20:40:09', NULL),
(97, 5, NULL, NULL, '2023-02-17 22:00:39', NULL),
(98, 2, NULL, NULL, '2023-02-17 22:00:45', NULL),
(99, 2, NULL, NULL, '2023-02-18 19:53:22', NULL),
(100, 3, NULL, NULL, '2023-02-19 09:59:10', NULL),
(101, 1, NULL, NULL, '2023-02-19 09:59:14', NULL),
(102, 1, NULL, NULL, '2023-02-19 19:01:57', NULL),
(103, 3, NULL, NULL, '2023-02-19 19:02:04', NULL),
(104, 1, NULL, NULL, '2023-02-20 09:39:35', NULL),
(105, 2, NULL, NULL, '2023-02-20 13:26:56', NULL),
(106, 4, NULL, NULL, '2023-02-20 17:37:01', NULL),
(107, 1, NULL, NULL, '2023-02-20 20:13:21', NULL),
(108, 2, NULL, NULL, '2023-02-20 22:06:17', NULL),
(109, 4, NULL, NULL, '2023-02-20 22:07:46', NULL),
(110, 3, NULL, NULL, '2023-02-21 09:56:26', NULL),
(111, 1, NULL, NULL, '2023-02-21 12:26:02', NULL),
(112, 3, NULL, NULL, '2023-02-21 14:02:23', NULL),
(113, 1, NULL, NULL, '2023-02-21 22:02:18', NULL),
(114, 2, NULL, NULL, '2023-02-22 11:22:55', NULL),
(115, 2, NULL, NULL, '2023-02-22 16:44:53', NULL),
(116, 2, NULL, NULL, '2023-02-23 09:55:45', NULL),
(117, 4, NULL, NULL, '2023-02-23 17:43:42', NULL),
(118, 2, NULL, NULL, '2023-02-23 19:00:31', NULL),
(119, 4, NULL, NULL, '2023-02-23 22:03:16', NULL),
(120, 3, NULL, NULL, '2023-02-24 09:06:55', NULL),
(121, 5, NULL, NULL, '2023-02-24 13:04:19', NULL),
(122, 2, NULL, NULL, '2023-02-24 13:39:15', NULL),
(123, 3, NULL, NULL, '2023-02-24 16:01:20', NULL),
(124, 2, NULL, NULL, '2023-02-25 09:07:58', NULL),
(125, 3, NULL, NULL, '2023-02-25 09:37:38', NULL),
(126, 1, NULL, NULL, '2023-02-25 09:56:00', NULL),
(127, 3, NULL, NULL, '2023-02-25 16:00:59', NULL),
(128, 1, NULL, NULL, '2023-02-25 16:01:11', NULL),
(129, 2, NULL, NULL, '2023-02-25 19:00:14', NULL),
(130, 3, NULL, NULL, '2023-02-26 09:24:33', NULL),
(131, 2, NULL, NULL, '2023-02-26 09:38:14', NULL),
(132, 1, NULL, NULL, '2023-02-26 09:39:27', NULL),
(133, 3, NULL, NULL, '2023-02-26 14:38:44', NULL),
(134, 1, NULL, NULL, '2023-02-26 15:56:42', NULL),
(135, 2, NULL, NULL, '2023-02-26 17:56:44', NULL),
(136, 2, NULL, NULL, '2023-02-27 09:15:51', NULL),
(137, 4, NULL, NULL, '2023-02-27 17:23:41', NULL),
(138, 2, NULL, NULL, '2023-02-27 19:00:04', NULL),
(139, 4, NULL, NULL, '2023-02-27 22:03:03', NULL),
(140, 2, NULL, NULL, '2023-03-01 19:00:31', NULL),
(141, 2, NULL, NULL, '2023-03-02 09:21:26', NULL),
(142, 2, NULL, NULL, '2023-03-02 19:04:08', NULL),
(143, 2, NULL, NULL, '2023-03-03 13:07:29', NULL),
(144, 5, NULL, NULL, '2023-03-03 13:51:27', NULL),
(145, 5, NULL, NULL, '2023-03-03 22:01:14', NULL),
(146, 2, NULL, NULL, '2023-03-03 22:01:17', NULL),
(147, 2, NULL, NULL, '2023-03-04 09:01:36', NULL),
(148, 2, NULL, NULL, '2023-03-04 19:33:44', NULL),
(149, 2, NULL, NULL, '2023-03-06 09:22:07', NULL),
(150, 4, NULL, NULL, '2023-03-06 17:56:35', NULL),
(151, 2, NULL, NULL, '2023-03-06 19:39:51', NULL),
(152, 4, NULL, NULL, '2023-03-06 22:16:55', NULL),
(153, 2, NULL, NULL, '2023-03-07 09:53:40', NULL),
(154, 2, NULL, NULL, '2023-03-07 19:00:25', NULL),
(155, 2, NULL, NULL, '2023-03-08 13:07:38', NULL),
(156, 2, NULL, NULL, '2023-03-08 22:00:03', NULL),
(157, 4, NULL, NULL, '2023-03-09 15:39:40', NULL),
(158, 4, NULL, NULL, '2023-03-09 22:01:18', NULL),
(159, 2, NULL, NULL, '2023-03-10 22:01:17', NULL),
(160, 5, NULL, NULL, '2023-03-10 22:01:20', NULL),
(161, 2, NULL, NULL, '2023-03-12 10:33:31', NULL),
(162, 7, NULL, NULL, '2023-03-12 18:54:52', NULL),
(163, 2, NULL, NULL, '2023-03-12 19:00:59', NULL),
(164, 2, NULL, NULL, '2023-03-13 09:20:50', NULL),
(165, 4, NULL, NULL, '2023-03-13 17:42:11', NULL),
(166, 2, NULL, NULL, '2023-03-13 18:48:56', NULL),
(167, 4, NULL, NULL, '2023-03-13 22:06:59', NULL),
(168, 8, NULL, NULL, '2023-03-14 10:39:12', NULL),
(169, 8, NULL, NULL, '2023-03-14 10:39:16', NULL),
(170, 2, NULL, NULL, '2023-03-14 13:34:43', NULL),
(171, 8, NULL, NULL, '2023-03-14 16:16:10', NULL),
(172, 6, NULL, NULL, '2023-03-14 21:07:11', NULL),
(173, 2, NULL, NULL, '2023-03-14 22:00:05', NULL),
(174, 8, NULL, NULL, '2023-03-15 10:52:58', NULL),
(175, 8, NULL, NULL, '2023-03-15 10:53:01', NULL),
(176, 2, NULL, NULL, '2023-03-15 12:35:53', NULL),
(177, 8, NULL, NULL, '2023-03-15 15:58:21', NULL),
(178, 8, NULL, NULL, '2023-03-15 15:58:26', NULL),
(179, 2, NULL, NULL, '2023-03-15 22:00:34', NULL),
(180, 8, NULL, NULL, '2023-03-17 10:53:10', NULL),
(181, 2, NULL, NULL, '2023-03-17 12:18:51', NULL),
(182, 8, NULL, NULL, '2023-03-17 16:11:35', NULL),
(183, 8, NULL, NULL, '2023-03-18 08:43:11', NULL),
(184, 8, NULL, NULL, '2023-03-18 08:43:17', NULL),
(185, 2, NULL, NULL, '2023-03-18 09:14:59', NULL),
(186, 8, NULL, NULL, '2023-03-18 14:17:31', NULL),
(187, 2, NULL, NULL, '2023-03-18 19:00:11', NULL),
(188, 2, NULL, NULL, '2023-03-20 09:26:00', NULL),
(189, 8, NULL, NULL, '2023-03-20 10:52:01', NULL),
(190, 8, NULL, NULL, '2023-03-20 16:00:40', NULL),
(191, 4, NULL, NULL, '2023-03-20 17:33:59', NULL),
(192, 2, NULL, NULL, '2023-03-20 19:00:22', NULL),
(193, 4, NULL, NULL, '2023-03-20 22:16:26', NULL),
(194, 2, NULL, NULL, '2023-03-21 09:32:12', NULL),
(195, 2, NULL, NULL, '2023-03-21 20:07:10', NULL),
(196, 8, NULL, NULL, '2023-03-22 11:22:46', NULL),
(197, 2, NULL, NULL, '2023-03-22 12:55:22', NULL),
(198, 8, NULL, NULL, '2023-03-22 16:02:36', NULL),
(199, 2, NULL, NULL, '2023-03-22 21:40:38', NULL),
(200, 8, NULL, NULL, '2023-03-23 10:52:23', NULL),
(201, 2, NULL, NULL, '2023-03-23 13:18:22', NULL),
(202, 8, NULL, NULL, '2023-03-23 16:08:57', NULL),
(203, 4, NULL, NULL, '2023-03-23 17:24:43', NULL),
(204, 2, NULL, NULL, '2023-03-23 21:27:43', NULL),
(205, 4, NULL, NULL, '2023-03-23 22:01:58', NULL),
(206, 2, NULL, NULL, '2023-03-24 11:51:55', NULL),
(207, 5, NULL, NULL, '2023-03-24 14:02:40', NULL),
(208, 8, NULL, NULL, '2023-03-24 17:07:44', NULL),
(209, 8, NULL, NULL, '2023-03-24 21:53:09', NULL),
(210, 2, NULL, NULL, '2023-03-24 22:00:47', NULL),
(211, 5, NULL, NULL, '2023-03-24 22:01:02', NULL),
(212, 8, NULL, NULL, '2023-03-25 09:50:55', NULL),
(213, 8, NULL, NULL, '2023-03-25 16:02:06', NULL),
(214, 2, NULL, NULL, '2023-03-26 09:22:25', NULL),
(215, 7, NULL, NULL, '2023-03-26 12:22:22', NULL),
(216, 7, NULL, NULL, '2023-03-26 17:59:15', NULL),
(217, 2, NULL, NULL, '2023-03-26 19:00:01', NULL),
(218, 2, NULL, NULL, '2023-03-27 09:37:27', NULL),
(219, 8, NULL, NULL, '2023-03-27 10:40:01', NULL),
(220, 8, NULL, NULL, '2023-03-27 16:08:21', NULL),
(221, 4, NULL, NULL, '2023-03-27 17:55:18', NULL),
(222, 2, NULL, NULL, '2023-03-27 19:00:02', NULL),
(223, 4, NULL, NULL, '2023-03-27 22:10:49', NULL),
(224, 2, NULL, NULL, '2023-03-28 09:47:10', NULL),
(225, 2, NULL, NULL, '2023-03-28 19:00:17', NULL),
(226, 8, NULL, NULL, '2023-03-29 10:53:43', NULL),
(227, 2, NULL, NULL, '2023-03-29 12:50:11', NULL),
(228, 8, NULL, NULL, '2023-03-29 16:15:14', NULL),
(229, 2, NULL, NULL, '2023-03-29 22:01:04', NULL),
(230, 8, NULL, NULL, '2023-03-30 10:51:14', NULL),
(231, 2, NULL, NULL, '2023-03-30 12:38:07', NULL),
(232, 8, NULL, NULL, '2023-03-30 16:39:14', NULL),
(233, 4, NULL, NULL, '2023-03-30 17:27:02', NULL),
(234, 2, NULL, NULL, '2023-03-30 22:00:03', NULL),
(235, 4, NULL, NULL, '2023-03-30 22:00:22', NULL),
(236, 8, NULL, NULL, '2023-03-31 16:49:10', NULL),
(237, 2, NULL, NULL, '2023-03-31 20:12:58', NULL),
(238, 2, NULL, NULL, '2023-04-02 09:25:38', NULL),
(239, 7, NULL, NULL, '2023-04-02 09:59:31', NULL),
(240, 7, NULL, NULL, '2023-04-02 19:00:05', NULL),
(241, 2, NULL, NULL, '2023-04-02 19:00:11', NULL),
(242, 2, NULL, NULL, '2023-04-03 09:22:15', NULL),
(243, 4, NULL, NULL, '2023-04-03 17:52:55', NULL),
(244, 2, NULL, NULL, '2023-04-03 19:12:02', NULL),
(245, 8, NULL, NULL, '2023-04-06 09:52:00', NULL),
(246, 2, NULL, NULL, '2023-04-06 12:11:51', NULL),
(247, 2, NULL, NULL, '2023-04-06 22:00:05', NULL),
(248, 2, NULL, NULL, '2023-04-07 09:08:36', NULL),
(249, 2, NULL, NULL, '2023-04-07 20:08:44', NULL),
(250, 2, NULL, NULL, '2023-04-08 09:21:42', NULL),
(251, 8, NULL, NULL, '2023-04-08 14:02:11', NULL),
(252, 8, NULL, NULL, '2023-04-08 17:58:45', NULL),
(253, 2, NULL, NULL, '2023-04-08 19:01:07', NULL),
(254, 7, NULL, NULL, '2023-04-09 10:00:01', NULL),
(255, 7, NULL, NULL, '2023-04-09 19:00:23', NULL),
(256, 2, NULL, NULL, '2023-04-10 09:33:02', NULL),
(257, 4, NULL, NULL, '2023-04-10 17:31:41', NULL),
(258, 2, NULL, NULL, '2023-04-10 19:01:12', NULL),
(259, 4, NULL, NULL, '2023-04-10 22:04:56', NULL),
(260, 8, NULL, NULL, '2023-04-11 10:47:41', NULL),
(261, 2, NULL, NULL, '2023-04-11 13:29:25', NULL),
(262, 8, NULL, NULL, '2023-04-11 15:59:53', NULL),
(263, 2, NULL, NULL, '2023-04-11 22:00:07', NULL),
(264, 8, NULL, NULL, '2023-04-12 10:50:02', NULL),
(265, 2, NULL, NULL, '2023-04-12 13:00:03', NULL),
(266, 8, NULL, NULL, '2023-04-12 16:10:23', NULL),
(267, 2, NULL, NULL, '2023-04-12 22:00:03', NULL),
(268, 8, NULL, NULL, '2023-04-13 09:50:27', NULL),
(269, 2, NULL, NULL, '2023-04-13 12:57:45', NULL),
(270, 8, NULL, NULL, '2023-04-13 14:56:38', NULL),
(271, 2, NULL, NULL, '2023-04-13 22:04:31', NULL),
(272, 8, NULL, NULL, '2023-04-14 09:52:32', NULL),
(273, 2, NULL, NULL, '2023-04-14 12:50:21', NULL),
(274, 8, NULL, NULL, '2023-04-14 15:02:57', NULL),
(275, 2, NULL, NULL, '2023-04-14 22:00:41', NULL),
(276, 2, NULL, NULL, '2023-04-15 08:55:49', NULL),
(277, 2, NULL, NULL, '2023-04-15 19:00:02', NULL),
(278, 2, NULL, NULL, '2023-04-16 08:51:29', NULL),
(279, 7, NULL, NULL, '2023-04-16 09:46:48', NULL),
(280, 7, NULL, NULL, '2023-04-16 19:00:23', NULL),
(281, 2, NULL, NULL, '2023-04-16 19:00:27', NULL),
(282, 2, NULL, NULL, '2023-04-17 11:23:39', NULL),
(283, 4, NULL, NULL, '2023-04-17 14:56:39', NULL),
(284, 4, NULL, NULL, '2023-04-17 19:02:36', NULL),
(285, 2, NULL, NULL, '2023-04-17 21:00:05', NULL),
(286, 8, NULL, NULL, '2023-04-18 09:52:41', NULL),
(287, 2, NULL, NULL, '2023-04-18 11:45:25', NULL),
(288, 8, NULL, NULL, '2023-04-18 15:03:47', NULL),
(289, 2, NULL, NULL, '2023-04-18 21:00:04', NULL),
(290, 8, NULL, NULL, '2023-04-19 10:00:07', NULL),
(291, 2, NULL, NULL, '2023-04-19 11:22:23', NULL),
(292, 8, NULL, NULL, '2023-04-19 15:04:09', NULL),
(293, 2, NULL, NULL, '2023-04-19 21:27:23', NULL),
(294, 8, NULL, NULL, '2023-04-20 09:48:35', NULL),
(295, 2, NULL, NULL, '2023-04-20 11:29:07', NULL),
(296, 8, NULL, NULL, '2023-04-20 15:15:32', NULL),
(297, 2, NULL, NULL, '2023-04-20 21:00:27', NULL),
(298, 8, NULL, NULL, '2023-04-21 10:16:14', NULL),
(299, 2, NULL, NULL, '2023-04-21 11:23:08', NULL),
(300, 8, NULL, NULL, '2023-04-21 15:11:47', NULL),
(301, 2, NULL, NULL, '2023-04-21 21:00:06', NULL),
(302, 8, NULL, NULL, '2023-04-22 10:03:06', NULL),
(303, 8, NULL, NULL, '2023-04-22 15:19:51', NULL),
(304, 7, NULL, NULL, '2023-04-23 09:14:25', NULL),
(305, 7, NULL, NULL, '2023-04-23 19:00:22', NULL),
(306, 8, NULL, NULL, '2023-04-24 09:48:01', NULL),
(307, 8, NULL, NULL, '2023-04-24 18:04:35', NULL),
(308, 2, NULL, NULL, '2023-04-25 09:43:23', NULL),
(309, 7, NULL, NULL, '2023-04-25 12:52:42', NULL),
(310, 4, NULL, NULL, '2023-04-25 17:50:46', NULL),
(311, 2, NULL, NULL, '2023-04-25 19:02:29', NULL),
(312, 4, NULL, NULL, '2023-04-25 22:05:36', NULL),
(313, 2, NULL, NULL, '2023-04-26 09:20:14', NULL),
(314, 2, NULL, NULL, '2023-04-26 20:25:53', NULL),
(315, 8, NULL, NULL, '2023-04-27 10:03:16', NULL),
(316, 2, NULL, NULL, '2023-04-27 11:36:04', NULL),
(317, 8, NULL, NULL, '2023-04-27 16:03:40', NULL),
(318, 2, NULL, NULL, '2023-04-27 21:00:03', NULL),
(319, 2, NULL, NULL, '2023-04-28 09:07:23', NULL),
(320, 2, NULL, NULL, '2023-04-28 19:00:05', NULL),
(321, 8, NULL, NULL, '2023-04-29 10:08:28', NULL),
(322, 2, NULL, NULL, '2023-04-30 08:46:01', NULL),
(323, 7, NULL, NULL, '2023-04-30 09:18:04', NULL),
(324, 8, NULL, NULL, '2023-04-30 13:23:10', NULL),
(325, 8, NULL, NULL, '2023-04-30 18:24:45', NULL),
(326, 2, NULL, NULL, '2023-04-30 19:01:15', NULL),
(327, 7, NULL, NULL, '2023-04-30 19:01:19', NULL),
(328, 8, NULL, NULL, '2023-05-02 10:06:43', NULL),
(329, 2, NULL, NULL, '2023-05-02 10:56:55', NULL),
(330, 7, NULL, NULL, '2023-05-02 13:32:45', NULL),
(331, 8, NULL, NULL, '2023-05-02 16:11:43', NULL),
(332, 4, NULL, NULL, '2023-05-02 17:51:30', NULL),
(333, 2, NULL, NULL, '2023-05-02 21:00:06', NULL),
(334, 4, NULL, NULL, '2023-05-02 22:04:03', NULL),
(335, 2, NULL, NULL, '2023-05-03 09:21:48', NULL),
(336, 2, NULL, NULL, '2023-05-03 19:00:06', NULL),
(337, 8, NULL, NULL, '2023-05-04 10:14:25', NULL),
(338, 2, NULL, NULL, '2023-05-04 11:32:16', NULL),
(339, 8, NULL, NULL, '2023-05-04 15:15:19', NULL),
(340, 2, NULL, NULL, '2023-05-04 21:00:12', NULL),
(341, 2, NULL, NULL, '2023-05-05 08:29:07', NULL),
(342, 8, NULL, NULL, '2023-05-05 09:51:12', NULL),
(343, 8, NULL, NULL, '2023-05-05 15:51:51', NULL),
(344, 2, NULL, NULL, '2023-05-05 19:00:05', NULL),
(345, 8, NULL, NULL, '2023-05-06 10:02:18', NULL),
(346, 8, NULL, NULL, '2023-05-06 15:58:49', NULL),
(347, 7, NULL, NULL, '2023-05-07 09:05:12', NULL),
(348, 8, NULL, NULL, '2023-05-07 09:56:31', NULL),
(349, 8, NULL, NULL, '2023-05-07 15:25:42', NULL),
(350, 7, NULL, NULL, '2023-05-07 19:05:28', NULL),
(351, 8, NULL, NULL, '2023-05-08 09:57:32', NULL),
(352, 2, NULL, NULL, '2023-05-08 10:55:31', NULL),
(353, 8, NULL, NULL, '2023-05-08 17:01:32', NULL),
(354, 2, NULL, NULL, '2023-05-08 21:00:21', NULL),
(355, 2, NULL, NULL, '2023-05-09 09:10:58', NULL),
(356, 4, NULL, NULL, '2023-05-09 14:28:51', NULL),
(357, 4, NULL, NULL, '2023-05-09 18:57:43', NULL),
(358, 2, NULL, NULL, '2023-05-09 18:58:21', NULL),
(359, 2, NULL, NULL, '2023-05-10 12:41:28', NULL),
(360, 2, NULL, NULL, '2023-05-10 22:00:04', NULL),
(361, 8, NULL, NULL, '2023-05-11 09:54:01', NULL),
(362, 2, NULL, NULL, '2023-05-11 11:12:11', NULL),
(363, 2, NULL, NULL, '2023-05-11 21:00:02', NULL),
(364, 8, NULL, NULL, '2023-05-12 15:57:00', NULL),
(365, 8, NULL, NULL, '2023-05-12 20:20:59', NULL),
(366, 2, NULL, NULL, '2023-05-13 08:56:59', NULL),
(367, 2, NULL, NULL, '2023-05-13 19:00:04', NULL),
(368, 2, NULL, NULL, '2023-05-14 08:54:37', NULL),
(369, 7, NULL, NULL, '2023-05-14 09:48:13', NULL),
(370, 7, NULL, NULL, '2023-05-14 19:00:04', NULL),
(371, 2, NULL, NULL, '2023-05-14 19:00:14', NULL),
(372, 8, NULL, NULL, '2023-05-15 09:57:24', NULL),
(373, 2, NULL, NULL, '2023-05-15 10:58:15', NULL),
(374, 8, NULL, NULL, '2023-05-15 15:01:40', NULL),
(375, 2, NULL, NULL, '2023-05-15 21:00:14', NULL),
(376, 7, NULL, NULL, '2023-05-16 10:07:06', NULL),
(377, 8, NULL, NULL, '2023-05-16 10:07:10', NULL),
(378, 8, NULL, NULL, '2023-05-16 10:07:13', NULL),
(379, 8, NULL, NULL, '2023-05-16 10:07:17', NULL),
(380, 2, NULL, NULL, '2023-05-16 11:43:26', NULL),
(381, 8, NULL, NULL, '2023-05-16 17:11:44', NULL),
(382, 2, NULL, NULL, '2023-05-16 21:00:06', NULL),
(383, 2, NULL, NULL, '2023-05-17 09:26:45', NULL),
(384, 2, NULL, NULL, '2023-05-17 19:04:11', NULL),
(385, 8, NULL, NULL, '2023-05-18 10:37:19', NULL),
(386, 2, NULL, NULL, '2023-05-18 10:56:52', NULL),
(387, 8, NULL, NULL, '2023-05-18 15:26:14', NULL),
(388, 8, NULL, NULL, '2023-05-18 15:28:20', NULL),
(389, 2, NULL, NULL, '2023-05-18 21:00:04', NULL),
(390, 2, NULL, NULL, '2023-05-19 09:33:16', NULL),
(391, 2, NULL, NULL, '2023-05-19 19:00:10', NULL),
(392, 8, NULL, NULL, '2023-05-20 12:12:34', NULL),
(393, 7, NULL, NULL, '2023-05-21 09:30:32', NULL),
(394, 7, NULL, NULL, '2023-05-21 18:59:43', NULL),
(395, 8, NULL, NULL, '2023-05-22 09:47:35', NULL),
(396, 2, NULL, NULL, '2023-05-22 11:37:11', NULL),
(397, 8, NULL, NULL, '2023-05-22 15:03:27', NULL),
(398, 2, NULL, NULL, '2023-05-22 21:00:26', NULL),
(399, 8, NULL, NULL, '2023-05-23 09:54:58', NULL),
(400, 2, NULL, NULL, '2023-05-23 11:29:58', NULL),
(401, 8, NULL, NULL, '2023-05-23 15:26:12', NULL),
(402, 2, NULL, NULL, '2023-05-23 21:00:03', NULL),
(403, 2, NULL, NULL, '2023-05-24 09:28:59', NULL),
(404, 2, NULL, NULL, '2023-05-24 19:03:26', NULL),
(405, 8, NULL, NULL, '2023-05-25 09:51:18', NULL),
(406, 2, NULL, NULL, '2023-05-25 11:22:20', NULL),
(407, 8, NULL, NULL, '2023-05-25 15:05:29', NULL),
(408, 2, NULL, NULL, '2023-05-25 21:00:03', NULL),
(409, 2, NULL, NULL, '2023-05-26 09:19:51', NULL),
(410, 7, NULL, NULL, '2023-05-26 13:40:27', NULL),
(411, 7, NULL, NULL, '2023-05-26 16:59:15', NULL),
(412, 2, NULL, NULL, '2023-05-26 19:00:40', NULL),
(413, 2, NULL, NULL, '2023-05-27 08:57:36', NULL),
(414, 2, NULL, NULL, '2023-05-27 19:00:06', NULL),
(415, 2, NULL, NULL, '2023-05-28 09:04:09', NULL),
(416, 7, NULL, NULL, '2023-05-28 09:30:15', NULL),
(417, 7, NULL, NULL, '2023-05-28 17:24:58', NULL),
(418, 2, NULL, NULL, '2023-05-28 19:00:04', NULL),
(419, 8, NULL, NULL, '2023-05-29 09:47:48', NULL),
(420, 2, NULL, NULL, '2023-05-29 11:28:21', NULL),
(421, 9, NULL, NULL, '2023-05-29 17:30:56', NULL),
(422, 8, NULL, NULL, '2023-05-29 17:32:20', NULL),
(423, 2, NULL, NULL, '2023-05-29 21:02:36', NULL),
(424, 8, NULL, NULL, '2023-05-30 11:09:47', NULL),
(425, 9, NULL, NULL, '2023-05-30 17:54:28', NULL),
(426, 8, NULL, NULL, '2023-05-30 18:36:48', NULL),
(427, 8, NULL, NULL, '2023-05-30 19:02:04', NULL),
(428, 2, NULL, NULL, '2023-05-31 09:26:36', NULL),
(429, 2, NULL, NULL, '2023-06-01 09:28:27', NULL),
(430, 8, NULL, NULL, '2023-06-01 09:53:46', NULL),
(431, 8, NULL, NULL, '2023-06-01 15:12:11', NULL),
(432, 2, NULL, NULL, '2023-06-01 19:01:30', NULL),
(433, 2, NULL, NULL, '2023-06-02 09:27:44', NULL),
(434, 2, NULL, NULL, '2023-06-02 19:00:15', NULL),
(435, 8, NULL, NULL, '2023-06-03 11:53:43', NULL),
(436, 8, NULL, NULL, '2023-06-03 17:02:46', NULL),
(437, 7, NULL, NULL, '2023-06-04 09:35:53', NULL),
(438, 7, NULL, NULL, '2023-06-04 19:00:28', NULL),
(439, 8, NULL, NULL, '2023-06-05 09:46:47', NULL),
(440, 2, NULL, NULL, '2023-06-05 11:37:29', NULL),
(441, 8, NULL, NULL, '2023-06-05 16:27:28', NULL),
(442, 9, NULL, NULL, '2023-06-05 17:45:37', NULL),
(443, 2, NULL, NULL, '2023-06-05 21:00:14', NULL),
(444, 9, NULL, NULL, '2023-06-05 21:58:59', NULL),
(445, 8, NULL, NULL, '2023-06-06 09:50:37', NULL),
(446, 8, NULL, NULL, '2023-06-06 21:25:19', NULL),
(447, 2, NULL, NULL, '2023-06-07 10:07:10', NULL),
(448, 2, NULL, NULL, '2023-06-07 18:04:53', NULL),
(449, 8, NULL, NULL, '2023-06-08 10:33:56', NULL),
(450, 2, NULL, NULL, '2023-06-08 11:29:46', NULL),
(451, 8, NULL, NULL, '2023-06-08 16:11:28', NULL),
(452, 2, NULL, NULL, '2023-06-08 21:00:06', NULL),
(453, 2, NULL, NULL, '2023-06-09 10:11:23', NULL),
(454, 2, NULL, NULL, '2023-06-09 20:06:19', NULL),
(455, 2, NULL, NULL, '2023-06-10 08:54:04', NULL),
(456, 2, NULL, NULL, '2023-06-10 19:00:18', NULL),
(457, 7, NULL, NULL, '2023-06-11 08:35:55', NULL),
(458, 2, NULL, NULL, '2023-06-11 08:48:05', NULL),
(459, 2, NULL, NULL, '2023-06-11 18:01:28', NULL),
(460, 8, NULL, NULL, '2023-06-12 11:16:35', NULL),
(461, 8, NULL, NULL, '2023-06-12 16:27:29', NULL),
(462, 2, NULL, NULL, '2023-06-12 19:00:06', NULL),
(463, 8, NULL, NULL, '2023-06-13 10:59:44', NULL),
(464, 8, NULL, NULL, '2023-06-13 15:12:46', NULL),
(465, 8, NULL, NULL, '2023-06-13 17:57:55', NULL),
(466, 8, NULL, NULL, '2023-06-13 20:25:24', NULL),
(467, 2, NULL, NULL, '2023-06-14 09:53:03', NULL),
(468, 2, NULL, NULL, '2023-06-14 18:00:12', NULL),
(469, 2, NULL, NULL, '2023-06-15 10:52:45', NULL),
(470, 8, NULL, NULL, '2023-06-15 11:16:42', NULL),
(471, 8, NULL, NULL, '2023-06-15 16:27:03', NULL),
(472, 2, NULL, NULL, '2023-06-15 21:00:05', NULL),
(473, 2, NULL, NULL, '2023-06-16 09:56:59', NULL),
(474, 2, NULL, NULL, '2023-06-16 20:41:51', NULL),
(475, 2, NULL, NULL, '2023-06-17 08:38:29', NULL),
(476, 7, NULL, NULL, '2023-06-17 09:43:06', NULL),
(477, 2, NULL, NULL, '2023-06-17 18:00:05', NULL),
(478, 7, NULL, NULL, '2023-06-18 08:40:10', NULL),
(479, 8, NULL, NULL, '2023-06-18 11:15:25', NULL),
(480, 8, NULL, NULL, '2023-06-18 18:00:53', NULL),
(481, 8, NULL, NULL, '2023-06-19 10:53:10', NULL),
(482, 2, NULL, NULL, '2023-06-19 11:37:11', NULL),
(483, 8, NULL, NULL, '2023-06-19 16:12:12', NULL),
(484, 2, NULL, NULL, '2023-06-19 21:00:07', NULL),
(485, 8, NULL, NULL, '2023-06-20 11:05:43', NULL),
(486, 2, NULL, NULL, '2023-06-20 11:24:45', NULL),
(487, 8, NULL, NULL, '2023-06-20 16:26:13', NULL),
(488, 2, NULL, NULL, '2023-06-20 21:00:03', NULL),
(489, 2, NULL, NULL, '2023-06-21 09:31:44', NULL),
(490, 2, NULL, NULL, '2023-06-21 18:00:39', NULL),
(491, 2, NULL, NULL, '2023-06-23 09:21:22', NULL),
(492, 2, NULL, NULL, '2023-06-23 21:00:03', NULL),
(493, 2, NULL, NULL, '2023-06-24 08:48:49', NULL),
(494, 2, NULL, NULL, '2023-06-24 19:00:21', NULL),
(495, 2, NULL, NULL, '2023-06-25 08:36:52', NULL),
(496, 7, NULL, NULL, '2023-06-25 09:26:57', NULL),
(497, 2, NULL, NULL, '2023-06-25 19:00:19', NULL),
(498, 7, NULL, NULL, '2023-06-25 19:00:25', NULL),
(499, 2, NULL, NULL, '2023-06-26 10:29:56', NULL),
(500, 8, NULL, NULL, '2023-06-26 16:18:56', NULL),
(501, 2, NULL, NULL, '2023-06-26 21:00:16', NULL),
(502, 8, NULL, NULL, '2023-06-27 10:56:26', NULL),
(503, 9, NULL, NULL, '2023-06-27 16:10:19', NULL),
(504, 8, NULL, NULL, '2023-06-27 19:28:54', NULL),
(505, 7, NULL, NULL, '2023-06-28 13:15:59', NULL),
(506, 7, NULL, NULL, '2023-06-28 21:59:08', NULL),
(507, 8, NULL, NULL, '2023-06-29 10:37:44', NULL),
(508, 8, NULL, NULL, '2023-06-29 17:05:47', NULL),
(509, 7, NULL, NULL, '2023-06-30 09:41:10', NULL),
(510, 7, NULL, NULL, '2023-06-30 18:58:18', NULL),
(511, 7, NULL, NULL, '2023-07-02 09:14:04', NULL),
(512, 7, NULL, NULL, '2023-07-02 19:00:07', NULL),
(513, 8, NULL, NULL, '2023-07-03 10:41:26', NULL),
(514, 8, NULL, NULL, '2023-07-03 16:16:33', NULL),
(515, 2, NULL, NULL, '2023-07-03 21:00:11', NULL),
(516, 8, NULL, NULL, '2023-07-04 11:03:14', NULL),
(517, 8, NULL, NULL, '2023-07-04 16:53:51', NULL),
(518, 8, NULL, NULL, '2023-07-05 10:50:58', NULL),
(519, 2, NULL, NULL, '2023-07-05 11:14:13', NULL),
(520, 8, NULL, NULL, '2023-07-05 16:12:49', NULL),
(521, 2, NULL, NULL, '2023-07-05 18:30:30', NULL),
(522, 8, NULL, NULL, '2023-07-06 11:03:42', NULL),
(523, 2, NULL, NULL, '2023-07-06 11:18:01', NULL),
(524, 8, NULL, NULL, '2023-07-06 16:36:10', NULL),
(525, 8, NULL, NULL, '2023-07-06 18:01:26', NULL),
(526, 2, NULL, NULL, '2023-07-06 21:00:03', NULL),
(527, 8, NULL, NULL, '2023-07-07 11:06:07', NULL),
(528, 2, NULL, NULL, '2023-07-07 11:08:32', NULL),
(529, 8, NULL, NULL, '2023-07-07 18:06:45', NULL),
(530, 2, NULL, NULL, '2023-07-07 21:00:07', NULL),
(531, 2, NULL, NULL, '2023-07-08 08:56:07', NULL),
(532, 2, NULL, NULL, '2023-07-08 19:00:34', NULL),
(533, 7, NULL, NULL, '2023-07-09 12:13:17', NULL),
(534, 7, NULL, NULL, '2023-07-09 18:59:20', NULL),
(535, 2, NULL, NULL, '2023-07-10 10:43:31', NULL),
(536, 8, NULL, NULL, '2023-07-10 16:58:06', NULL),
(537, 2, NULL, NULL, '2023-07-10 20:05:26', NULL),
(538, 8, NULL, NULL, '2023-07-10 21:57:56', NULL),
(539, 9, NULL, NULL, '2023-07-10 21:58:05', NULL),
(540, 2, NULL, NULL, '2023-07-11 10:54:23', NULL),
(541, 8, NULL, NULL, '2023-07-11 11:05:56', NULL),
(542, 8, NULL, NULL, '2023-07-11 16:41:34', NULL),
(543, 2, NULL, NULL, '2023-07-11 20:00:25', NULL),
(544, 2, NULL, NULL, '2023-07-12 10:39:01', NULL),
(545, 8, NULL, NULL, '2023-07-12 10:51:10', NULL),
(546, 8, NULL, NULL, '2023-07-12 16:18:06', NULL),
(547, 2, NULL, NULL, '2023-07-12 18:01:03', NULL),
(548, 8, NULL, NULL, '2023-07-13 12:00:55', NULL),
(549, 7, NULL, NULL, '2023-07-13 12:45:29', NULL),
(550, 2, NULL, NULL, '2023-07-13 13:30:49', NULL),
(551, 7, NULL, NULL, '2023-07-13 15:03:29', NULL),
(552, 8, NULL, NULL, '2023-07-13 17:28:40', NULL),
(553, 2, NULL, NULL, '2023-07-13 21:30:03', NULL),
(554, 2, NULL, NULL, '2023-07-14 11:24:26', NULL),
(555, 2, NULL, NULL, '2023-07-14 20:02:33', NULL),
(556, 2, NULL, NULL, '2023-07-15 08:56:20', NULL),
(557, 2, NULL, NULL, '2023-07-15 19:00:03', NULL),
(558, 2, NULL, NULL, '2023-07-16 09:18:22', NULL),
(559, 7, NULL, NULL, '2023-07-16 09:54:34', NULL),
(560, 7, NULL, NULL, '2023-07-16 16:12:02', NULL),
(561, 2, NULL, NULL, '2023-07-16 19:00:04', NULL),
(562, 2, NULL, NULL, '2023-07-17 11:36:17', NULL),
(563, 8, NULL, NULL, '2023-07-17 16:33:06', NULL),
(564, 9, NULL, NULL, '2023-07-17 17:48:22', NULL),
(565, 2, NULL, NULL, '2023-07-18 12:08:27', NULL),
(566, 8, NULL, NULL, '2023-07-18 12:15:15', NULL),
(567, 8, NULL, NULL, '2023-07-18 17:23:38', NULL),
(568, 9, NULL, NULL, '2023-07-18 18:00:38', NULL),
(569, 2, NULL, NULL, '2023-07-18 21:00:52', NULL),
(570, 9, NULL, NULL, '2023-07-18 21:59:29', NULL),
(571, 8, NULL, NULL, '2023-07-19 12:17:49', NULL),
(572, 8, NULL, NULL, '2023-07-19 17:45:52', NULL),
(573, 2, NULL, NULL, '2023-07-20 11:38:17', NULL),
(574, 7, NULL, NULL, '2023-07-20 12:11:01', NULL),
(575, 8, NULL, NULL, '2023-07-20 17:09:53', NULL),
(576, 2, NULL, NULL, '2023-07-20 18:01:00', NULL),
(577, 2, NULL, NULL, '2023-07-21 11:25:42', NULL),
(578, 2, NULL, NULL, '2023-07-21 20:01:47', NULL),
(579, 2, NULL, NULL, '2023-07-22 09:25:24', NULL),
(580, 2, NULL, NULL, '2023-07-22 19:00:10', NULL),
(581, 2, NULL, NULL, '2023-07-23 08:49:56', NULL),
(582, 7, NULL, NULL, '2023-07-23 09:22:58', NULL),
(583, 7, NULL, NULL, '2023-07-23 16:01:35', NULL),
(584, 2, NULL, NULL, '2023-07-23 19:00:42', NULL),
(585, 2, NULL, NULL, '2023-07-24 11:26:00', NULL),
(586, 8, NULL, NULL, '2023-07-24 12:03:50', NULL),
(587, 8, NULL, NULL, '2023-07-24 17:24:38', NULL),
(588, 2, NULL, NULL, '2023-07-24 20:01:12', NULL),
(589, 8, NULL, NULL, '2023-07-25 11:53:20', NULL),
(590, 2, NULL, NULL, '2023-07-25 12:09:20', NULL),
(591, 2, NULL, NULL, '2023-07-25 21:00:11', NULL),
(592, 2, NULL, NULL, '2023-07-26 11:10:14', NULL),
(593, 2, NULL, NULL, '2023-07-26 20:00:04', NULL),
(594, 2, NULL, NULL, '2023-07-27 11:16:56', NULL),
(595, 8, NULL, NULL, '2023-07-27 11:53:01', NULL),
(596, 7, NULL, NULL, '2023-07-27 12:36:15', NULL),
(597, 8, NULL, NULL, '2023-07-27 17:11:10', NULL),
(598, 2, NULL, NULL, '2023-07-27 18:00:38', NULL),
(599, 2, NULL, NULL, '2023-07-28 11:25:03', NULL),
(600, 2, NULL, NULL, '2023-07-28 20:28:11', NULL),
(601, 8, NULL, NULL, '2023-07-29 10:03:32', NULL),
(602, 8, NULL, NULL, '2023-07-29 18:14:01', NULL),
(603, 7, NULL, NULL, '2023-07-30 09:44:49', NULL),
(604, 2, NULL, NULL, '2023-07-30 09:44:52', NULL),
(605, 7, NULL, NULL, '2023-07-30 19:00:03', NULL),
(606, 2, NULL, NULL, '2023-07-30 19:00:09', NULL),
(607, 2, NULL, NULL, '2023-07-31 11:02:06', NULL),
(608, 8, NULL, NULL, '2023-07-31 12:11:22', NULL),
(609, 8, NULL, NULL, '2023-07-31 17:35:32', NULL),
(610, 9, NULL, NULL, '2023-07-31 17:35:46', NULL),
(611, 2, NULL, NULL, '2023-07-31 20:02:53', NULL),
(612, 2, NULL, NULL, '2023-08-01 09:39:34', NULL),
(613, 8, NULL, NULL, '2023-08-01 11:58:30', NULL),
(614, 8, NULL, NULL, '2023-08-01 17:04:13', NULL),
(615, 8, NULL, NULL, '2023-08-02 12:00:15', NULL),
(616, 2, NULL, NULL, '2023-08-04 11:03:40', NULL),
(617, 2, NULL, NULL, '2023-08-04 20:05:36', NULL),
(618, 2, NULL, NULL, '2023-08-05 08:48:48', NULL),
(619, 2, NULL, NULL, '2023-08-05 19:08:31', NULL),
(620, 2, NULL, NULL, '2023-08-07 11:02:28', NULL),
(621, 9, NULL, NULL, '2023-08-07 17:45:34', NULL),
(622, 2, NULL, NULL, '2023-08-07 20:01:27', NULL),
(623, 9, NULL, NULL, '2023-08-07 22:00:00', NULL),
(624, 2, NULL, NULL, '2023-08-08 11:11:15', NULL),
(625, 8, NULL, NULL, '2023-08-08 11:47:41', NULL),
(626, 8, NULL, NULL, '2023-08-08 17:02:30', NULL),
(627, 2, NULL, NULL, '2023-08-08 20:00:16', NULL),
(628, 2, NULL, NULL, '2023-08-09 10:51:55', NULL),
(629, 2, NULL, NULL, '2023-08-10 11:03:43', NULL),
(630, 8, NULL, NULL, '2023-08-10 11:55:10', NULL),
(631, 8, NULL, NULL, '2023-08-10 17:04:22', NULL),
(632, 2, NULL, NULL, '2023-08-10 18:00:42', NULL),
(633, 2, NULL, NULL, '2023-08-11 11:06:03', NULL),
(634, 2, NULL, NULL, '2023-08-11 20:00:14', NULL),
(635, 7, NULL, NULL, '2023-08-13 10:55:49', NULL),
(636, 7, NULL, NULL, '2023-08-13 17:59:57', NULL),
(637, 2, NULL, NULL, '2023-08-14 10:55:19', NULL),
(638, 2, NULL, NULL, '2023-08-14 20:00:13', NULL),
(639, 2, NULL, NULL, '2023-08-15 11:06:53', NULL),
(640, 8, NULL, NULL, '2023-08-15 12:54:38', NULL),
(641, 8, NULL, NULL, '2023-08-15 18:07:33', NULL),
(642, 2, NULL, NULL, '2023-08-15 20:00:12', NULL),
(643, 2, NULL, NULL, '2023-08-16 10:54:55', NULL),
(644, 2, NULL, NULL, '2023-08-16 20:01:12', NULL),
(645, 2, NULL, NULL, '2023-08-17 11:07:44', NULL),
(646, 7, NULL, NULL, '2023-08-17 11:47:37', NULL),
(647, 8, NULL, NULL, '2023-08-17 12:22:29', NULL),
(648, 8, NULL, NULL, '2023-08-17 17:31:07', NULL),
(649, 2, NULL, NULL, '2023-08-17 18:00:06', NULL),
(650, 2, NULL, NULL, '2023-08-18 10:56:24', NULL),
(651, 2, NULL, NULL, '2023-08-18 20:00:10', NULL),
(652, 2, NULL, NULL, '2023-08-20 09:01:14', NULL),
(653, 8, NULL, NULL, '2023-08-20 09:44:55', NULL),
(654, 8, NULL, NULL, '2023-08-20 15:16:00', NULL),
(655, 2, NULL, NULL, '2023-08-21 10:52:37', NULL),
(656, 9, NULL, NULL, '2023-08-21 17:26:08', NULL),
(657, 2, NULL, NULL, '2023-08-21 20:02:58', NULL),
(658, 2, NULL, NULL, '2023-08-21 20:04:11', NULL),
(659, 9, NULL, NULL, '2023-08-21 22:02:50', NULL),
(660, 2, NULL, NULL, '2023-08-22 11:06:56', NULL),
(661, 8, NULL, NULL, '2023-08-22 12:01:58', NULL),
(662, 8, NULL, NULL, '2023-08-22 17:05:59', NULL),
(663, 2, NULL, NULL, '2023-08-22 20:00:04', NULL),
(664, 2, NULL, NULL, '2023-08-23 10:49:37', NULL),
(665, 2, NULL, NULL, '2023-08-24 10:59:44', NULL),
(666, 8, NULL, NULL, '2023-08-24 11:36:28', NULL),
(667, 8, NULL, NULL, '2023-08-24 17:23:30', NULL),
(668, 8, NULL, NULL, '2023-08-24 17:24:26', NULL),
(669, 2, NULL, NULL, '2023-08-24 18:00:31', NULL),
(670, 2, NULL, NULL, '2023-08-25 10:56:05', NULL),
(671, 2, NULL, NULL, '2023-08-25 20:00:34', NULL),
(672, 8, NULL, NULL, '2023-08-26 12:10:31', NULL),
(673, 8, NULL, NULL, '2023-08-26 17:05:58', NULL),
(674, 7, NULL, NULL, '2023-08-27 09:15:49', NULL),
(675, 7, NULL, NULL, '2023-08-27 19:00:33', NULL),
(676, 2, NULL, NULL, '2023-08-27 19:00:43', NULL),
(677, 2, NULL, NULL, '2023-08-28 11:07:35', NULL),
(678, 2, NULL, NULL, '2023-08-28 20:00:58', NULL),
(679, 2, NULL, NULL, '2023-08-29 10:18:12', NULL),
(680, 8, NULL, NULL, '2023-08-29 11:58:37', NULL),
(681, 8, NULL, NULL, '2023-08-29 17:20:28', NULL),
(682, 2, NULL, NULL, '2023-08-29 19:10:41', NULL),
(683, 2, NULL, NULL, '2023-08-30 10:56:57', NULL),
(684, 8, NULL, NULL, '2023-08-30 12:04:33', NULL),
(685, 8, NULL, NULL, '2023-08-30 17:08:07', NULL),
(686, 2, NULL, NULL, '2023-08-30 20:00:09', NULL),
(687, 2, NULL, NULL, '2023-08-31 11:39:33', NULL),
(688, 8, NULL, NULL, '2023-08-31 11:39:48', NULL),
(689, 8, NULL, NULL, '2023-08-31 17:26:48', NULL),
(690, 2, NULL, NULL, '2023-08-31 18:00:36', NULL),
(691, 2, NULL, NULL, '2023-09-01 10:47:08', NULL),
(692, 2, NULL, NULL, '2023-09-01 20:02:29', NULL),
(693, 2, NULL, NULL, '2023-09-02 09:07:21', NULL),
(694, 7, NULL, NULL, '2023-09-03 09:31:36', NULL),
(695, 7, NULL, NULL, '2023-09-03 18:57:01', NULL),
(696, 2, NULL, NULL, '2023-09-04 10:57:31', NULL),
(697, 2, NULL, NULL, '2023-09-04 20:00:11', NULL),
(698, 2, NULL, NULL, '2023-09-05 10:56:23', NULL),
(699, 2, NULL, NULL, '2023-09-06 10:56:43', NULL),
(700, 7, NULL, NULL, '2023-09-06 17:50:13', NULL),
(701, 7, NULL, NULL, '2023-09-06 20:05:19', NULL),
(702, 2, NULL, NULL, '2023-09-06 20:05:44', NULL),
(703, 2, NULL, NULL, '2023-09-07 11:04:10', NULL),
(704, 2, NULL, NULL, '2023-09-07 18:00:07', NULL),
(705, 2, NULL, NULL, '2023-09-08 11:06:50', NULL),
(706, 2, NULL, NULL, '2023-09-08 20:00:01', NULL),
(707, 2, NULL, NULL, '2023-09-11 10:53:18', NULL),
(708, 2, NULL, NULL, '2023-09-11 18:59:52', NULL),
(709, 2, NULL, NULL, '2023-09-13 10:59:42', NULL),
(710, 8, NULL, NULL, '2023-09-13 12:29:48', NULL),
(711, 10, NULL, NULL, '2023-09-13 12:31:24', NULL),
(712, 11, NULL, NULL, '2023-09-13 12:31:27', NULL),
(713, 8, NULL, NULL, '2023-09-13 12:31:34', NULL),
(714, 10, NULL, NULL, '2023-09-13 18:49:35', NULL),
(715, 2, NULL, NULL, '2023-09-13 20:17:11', NULL),
(716, 10, NULL, NULL, '2023-09-13 22:06:46', NULL),
(717, 2, NULL, NULL, '2023-09-14 10:54:45', NULL),
(718, 11, NULL, NULL, '2023-09-14 17:42:10', NULL),
(719, 11, NULL, NULL, '2023-09-14 17:42:22', NULL),
(720, 2, NULL, NULL, '2023-09-14 18:00:09', NULL),
(721, 11, NULL, NULL, '2023-09-14 20:07:52', NULL),
(722, 2, NULL, NULL, '2023-09-15 10:47:13', NULL),
(723, 2, NULL, NULL, '2023-09-15 20:13:16', NULL),
(724, 11, NULL, NULL, '2023-09-16 10:02:54', NULL),
(725, 10, NULL, NULL, '2023-09-16 14:22:01', NULL),
(726, 11, NULL, NULL, '2023-09-16 17:00:50', NULL),
(727, 10, NULL, NULL, '2023-09-16 17:00:54', NULL),
(728, 7, NULL, NULL, '2023-09-17 09:27:48', NULL),
(729, 11, NULL, NULL, '2023-09-17 12:28:51', NULL),
(730, 11, NULL, NULL, '2023-09-17 17:03:14', NULL),
(731, 2, NULL, NULL, '2023-09-18 10:43:13', NULL),
(732, 12, NULL, NULL, '2023-09-18 15:38:45', NULL),
(733, 2, NULL, NULL, '2023-09-18 20:00:19', NULL),
(734, 12, NULL, NULL, '2023-09-18 20:48:54', NULL),
(735, 2, NULL, NULL, '2023-09-19 10:50:26', NULL),
(736, 2, NULL, NULL, '2023-09-20 10:54:21', NULL),
(737, 2, NULL, NULL, '2023-09-20 20:13:36', NULL),
(738, 2, NULL, NULL, '2023-09-21 10:37:11', NULL),
(739, 2, NULL, NULL, '2023-09-21 18:00:44', NULL),
(740, 2, NULL, NULL, '2023-09-22 10:46:46', NULL),
(741, 7, NULL, NULL, '2023-09-22 13:28:11', NULL),
(742, 10, NULL, NULL, '2023-09-22 17:46:16', NULL),
(743, 2, NULL, NULL, '2023-09-22 20:00:06', NULL),
(744, 2, NULL, NULL, '2023-09-23 09:08:34', NULL),
(745, 10, NULL, NULL, '2023-09-23 13:07:21', NULL),
(746, 10, NULL, NULL, '2023-09-23 17:00:19', NULL),
(747, 7, NULL, NULL, '2023-09-24 09:28:11', NULL),
(748, 7, NULL, NULL, '2023-09-24 18:59:42', NULL),
(749, 2, NULL, NULL, '2023-09-25 10:28:37', NULL),
(750, 7, NULL, NULL, '2023-09-25 13:46:05', NULL),
(751, 12, NULL, NULL, '2023-09-25 15:32:38', NULL),
(752, 2, NULL, NULL, '2023-09-25 19:00:14', NULL),
(753, 12, NULL, NULL, '2023-09-25 20:09:03', NULL),
(754, 2, NULL, NULL, '2023-09-26 10:34:15', NULL),
(755, 2, NULL, NULL, '2023-09-27 10:33:45', NULL),
(756, 2, NULL, NULL, '2023-09-27 20:02:18', NULL),
(757, 2, NULL, NULL, '2023-09-28 10:43:25', NULL),
(758, 2, NULL, NULL, '2023-09-28 18:01:27', NULL),
(759, 2, NULL, NULL, '2023-10-01 09:21:46', NULL),
(760, 7, NULL, NULL, '2023-10-01 09:27:43', NULL),
(761, 2, NULL, NULL, '2023-10-02 11:19:59', NULL),
(762, 12, NULL, NULL, '2023-10-02 17:30:35', NULL),
(763, 12, NULL, NULL, '2023-10-02 18:22:57', NULL),
(764, 2, NULL, NULL, '2023-10-02 19:00:29', NULL),
(765, 2, NULL, NULL, '2023-10-03 10:30:58', NULL),
(766, 2, NULL, NULL, '2023-10-04 11:09:18', NULL),
(767, 2, NULL, NULL, '2023-10-04 19:34:24', NULL),
(768, 2, NULL, NULL, '2023-10-05 10:46:40', NULL),
(769, 2, NULL, NULL, '2023-10-05 18:00:10', NULL),
(770, 2, NULL, NULL, '2023-10-06 10:36:46', NULL),
(771, 12, NULL, NULL, '2023-10-06 17:53:25', NULL),
(772, 2, NULL, NULL, '2023-10-06 20:03:09', NULL),
(773, 12, NULL, NULL, '2023-10-06 20:12:20', NULL),
(774, 2, NULL, NULL, '2023-10-08 09:11:34', NULL),
(775, 7, NULL, NULL, '2023-10-08 09:24:58', NULL),
(776, 2, NULL, NULL, '2023-10-09 10:27:32', NULL),
(777, 12, NULL, NULL, '2023-10-09 18:21:07', NULL),
(778, 12, NULL, NULL, '2023-10-09 20:23:35', NULL),
(779, 2, NULL, NULL, '2023-10-11 10:38:57', NULL),
(780, 2, NULL, NULL, '2023-10-11 20:00:18', NULL),
(781, 2, NULL, NULL, '2023-10-12 10:43:29', NULL),
(782, 2, NULL, NULL, '2023-10-12 18:00:16', NULL),
(783, 2, NULL, NULL, '2023-10-13 10:49:12', NULL),
(784, 2, NULL, NULL, '2023-10-13 20:00:12', NULL),
(785, 7, NULL, NULL, '2023-10-15 09:16:14', NULL),
(786, 2, NULL, NULL, '2023-10-16 10:49:42', NULL),
(787, 12, NULL, NULL, '2023-10-16 17:40:37', NULL),
(788, 2, NULL, NULL, '2023-10-16 19:00:09', NULL),
(789, 12, NULL, NULL, '2023-10-16 19:53:55', NULL),
(790, 2, NULL, NULL, '2023-10-17 10:42:54', NULL),
(791, 2, NULL, NULL, '2023-10-18 10:43:44', NULL),
(792, 2, NULL, NULL, '2023-10-18 20:00:07', NULL),
(793, 2, NULL, NULL, '2023-10-19 10:35:28', NULL),
(794, 2, NULL, NULL, '2023-10-19 10:36:11', NULL),
(795, 2, NULL, NULL, '2023-10-19 10:39:07', NULL),
(796, 2, NULL, NULL, '2023-10-19 10:50:54', NULL),
(797, 2, NULL, NULL, '2023-10-19 18:00:07', NULL),
(798, 2, NULL, NULL, '2023-10-20 10:49:59', NULL),
(799, 2, NULL, NULL, '2023-10-21 09:08:03', NULL),
(800, 7, NULL, NULL, '2023-10-22 09:19:30', NULL),
(801, 2, NULL, NULL, '2023-10-23 10:54:56', NULL),
(802, 12, NULL, NULL, '2023-10-23 17:10:50', NULL),
(803, 2, NULL, NULL, '2023-10-23 20:00:04', NULL),
(804, 12, NULL, NULL, '2023-10-23 20:09:51', NULL),
(805, 2, NULL, NULL, '2023-10-24 10:53:47', NULL),
(806, 2, NULL, NULL, '2023-10-25 10:55:49', NULL),
(807, 7, NULL, NULL, '2023-10-25 17:27:54', NULL),
(808, 2, NULL, NULL, '2023-10-25 20:00:29', NULL),
(809, 2, NULL, NULL, '2023-10-26 10:57:01', NULL),
(810, 2, NULL, NULL, '2023-10-26 18:00:04', NULL),
(811, 7, NULL, NULL, '2023-10-27 14:56:51', NULL),
(812, 12, NULL, NULL, '2023-10-30 17:31:19', NULL),
(813, 12, NULL, NULL, '2023-10-30 20:04:06', NULL),
(814, 2, NULL, NULL, '2023-10-30 20:23:07', NULL),
(815, 2, NULL, NULL, '2023-10-31 10:49:49', NULL),
(816, 2, NULL, NULL, '2023-11-01 10:48:50', NULL),
(817, 2, NULL, NULL, '2023-11-01 20:00:24', NULL),
(818, 2, NULL, NULL, '2023-11-02 10:55:44', NULL),
(819, 2, NULL, NULL, '2023-11-02 18:00:22', NULL),
(820, 2, NULL, NULL, '2023-11-03 11:26:23', NULL),
(821, 7, NULL, NULL, '2023-11-03 15:54:43', NULL),
(822, 7, NULL, NULL, '2023-11-05 09:33:28', NULL),
(823, 12, NULL, NULL, '2023-11-06 17:41:06', NULL),
(824, 2, NULL, NULL, '2023-11-06 20:05:24', NULL),
(825, 12, NULL, NULL, '2023-11-06 20:05:38', NULL),
(826, 2, NULL, NULL, '2023-11-07 10:54:57', NULL),
(827, 2, NULL, NULL, '2023-11-08 11:16:45', NULL),
(828, 2, NULL, NULL, '2023-11-08 20:05:40', NULL),
(829, 2, NULL, NULL, '2023-11-09 10:55:06', NULL),
(830, 2, NULL, NULL, '2023-11-09 18:00:08', NULL),
(831, 2, NULL, NULL, '2023-11-10 11:04:51', NULL),
(832, 7, NULL, NULL, '2023-11-10 12:10:04', NULL),
(833, 2, NULL, NULL, '2023-11-11 09:15:00', NULL),
(834, 2, NULL, NULL, '2023-11-11 09:40:44', NULL),
(835, 2, NULL, NULL, '2023-11-11 19:00:12', NULL),
(836, 7, NULL, NULL, '2023-11-12 09:17:08', NULL),
(837, 2, NULL, NULL, '2023-11-13 10:23:17', NULL),
(838, 12, NULL, NULL, '2023-11-13 17:43:30', NULL),
(839, 12, NULL, NULL, '2023-11-13 19:58:32', NULL),
(840, 2, NULL, NULL, '2023-11-13 20:00:46', NULL),
(841, 2, NULL, NULL, '2023-11-14 10:59:38', NULL),
(842, 2, NULL, NULL, '2023-11-15 20:01:14', NULL),
(843, 2, NULL, NULL, '2023-11-16 11:14:25', NULL),
(844, 2, NULL, NULL, '2023-11-16 11:22:53', NULL),
(845, 2, NULL, NULL, '2023-11-16 18:00:18', NULL),
(846, 2, NULL, NULL, '2023-11-17 10:59:01', NULL),
(847, 7, NULL, NULL, '2023-11-19 09:28:03', NULL),
(848, 7, NULL, NULL, '2023-11-19 20:08:58', NULL),
(849, 12, NULL, NULL, '2023-11-20 17:36:25', NULL),
(850, 2, NULL, NULL, '2023-11-20 20:00:12', NULL),
(851, 12, NULL, NULL, '2023-11-20 20:06:59', NULL),
(852, 2, NULL, NULL, '2023-11-21 10:56:56', NULL),
(853, 2, NULL, NULL, '2023-11-22 11:10:32', NULL),
(854, 2, NULL, NULL, '2023-11-22 20:10:49', NULL),
(855, 2, NULL, NULL, '2023-11-23 11:57:13', NULL),
(856, 2, NULL, NULL, '2023-11-24 10:50:02', NULL),
(857, 7, NULL, NULL, '2023-11-24 15:50:10', NULL),
(858, 2, NULL, NULL, '2023-11-24 19:58:41', NULL),
(859, 7, NULL, NULL, '2023-11-26 09:22:42', NULL),
(860, 7, NULL, NULL, '2023-11-26 20:04:21', NULL),
(861, 2, NULL, NULL, '2023-11-27 10:58:32', NULL),
(862, 12, NULL, NULL, '2023-11-27 17:47:35', NULL),
(863, 2, NULL, NULL, '2023-11-27 20:00:08', NULL),
(864, 12, NULL, NULL, '2023-11-27 20:14:49', NULL),
(865, 7, NULL, NULL, '2023-11-28 11:44:51', NULL),
(866, 2, NULL, NULL, '2023-11-29 11:40:15', NULL),
(867, 2, NULL, NULL, '2023-11-29 20:02:00', NULL),
(868, 2, NULL, NULL, '2023-11-30 11:08:29', NULL),
(869, 2, NULL, NULL, '2023-11-30 18:00:14', NULL),
(870, 2, NULL, NULL, '2023-12-01 11:04:42', NULL),
(871, 2, NULL, NULL, '2023-12-01 20:02:00', NULL),
(872, 7, NULL, NULL, '2023-12-03 09:37:22', NULL),
(873, 2, NULL, NULL, '2023-12-04 10:42:46', NULL),
(874, 12, NULL, NULL, '2023-12-04 17:51:53', NULL),
(875, 12, NULL, NULL, '2023-12-04 20:06:36', NULL),
(876, 2, NULL, NULL, '2023-12-04 20:08:18', NULL),
(877, 10, NULL, NULL, '2023-12-05 11:02:20', NULL),
(878, 2, NULL, NULL, '2023-12-05 11:02:27', NULL),
(879, 2, NULL, NULL, '2023-12-06 11:59:34', NULL),
(880, 7, NULL, NULL, '2023-12-06 16:47:29', NULL),
(881, 7, NULL, NULL, '2023-12-06 20:02:51', NULL),
(882, 2, NULL, NULL, '2023-12-06 20:04:13', NULL),
(883, 2, NULL, NULL, '2023-12-07 11:45:32', NULL),
(884, 2, NULL, NULL, '2023-12-10 09:14:56', NULL),
(885, 2, NULL, NULL, '2023-12-10 18:55:27', NULL),
(886, 2, NULL, NULL, '2023-12-11 11:53:13', NULL),
(887, 12, NULL, NULL, '2023-12-11 17:46:19', NULL),
(888, 2, NULL, NULL, '2023-12-11 20:00:35', NULL),
(889, 12, NULL, NULL, '2023-12-11 20:16:31', NULL),
(890, 2, NULL, NULL, '2023-12-12 10:46:03', NULL),
(891, 7, NULL, NULL, '2023-12-13 17:20:12', NULL),
(892, 7, NULL, NULL, '2023-12-13 20:02:35', NULL),
(893, 2, NULL, NULL, '2023-12-13 20:06:12', NULL),
(894, 2, NULL, NULL, '2023-12-14 18:00:34', NULL),
(895, 2, NULL, NULL, '2023-12-15 11:21:29', NULL),
(896, 2, NULL, NULL, '2023-12-15 20:02:14', NULL),
(897, 7, NULL, NULL, '2023-12-17 09:32:14', NULL),
(898, 2, NULL, NULL, '2023-12-18 12:06:39', NULL),
(899, 12, NULL, NULL, '2023-12-18 17:45:06', NULL),
(900, 2, NULL, NULL, '2023-12-18 20:02:07', NULL),
(901, 12, NULL, NULL, '2023-12-18 20:05:03', NULL),
(902, 2, NULL, NULL, '2023-12-19 12:03:40', NULL),
(903, 2, NULL, NULL, '2023-12-20 12:02:49', NULL),
(904, 2, NULL, NULL, '2023-12-21 10:58:28', NULL),
(905, 2, NULL, NULL, '2023-12-21 18:00:06', NULL),
(906, 2, NULL, NULL, '2023-12-22 11:53:57', NULL),
(907, 7, NULL, NULL, '2023-12-24 09:34:36', NULL),
(908, 2, NULL, NULL, '2023-12-24 19:00:08', NULL),
(909, 2, NULL, NULL, '2023-12-25 11:38:01', NULL),
(910, 12, NULL, NULL, '2023-12-25 18:00:46', NULL),
(911, 12, NULL, NULL, '2023-12-25 20:07:37', NULL),
(912, 2, NULL, NULL, '2023-12-25 20:14:55', NULL),
(913, 2, NULL, NULL, '2023-12-26 11:10:57', NULL),
(914, 2, NULL, NULL, '2023-12-26 12:21:39', NULL),
(915, 2, NULL, NULL, '2023-12-27 11:53:54', NULL),
(916, 2, NULL, NULL, '2023-12-28 11:31:26', NULL),
(917, 7, NULL, NULL, '2023-12-28 13:00:30', NULL),
(918, 2, NULL, NULL, '2023-12-28 18:03:38', NULL),
(919, 2, NULL, NULL, '2023-12-29 12:24:34', NULL),
(920, 2, NULL, NULL, '2023-12-30 09:29:36', NULL),
(921, 2, NULL, NULL, '2023-12-30 19:01:22', NULL),
(922, 7, NULL, NULL, '2023-12-31 09:29:36', NULL),
(923, 7, NULL, NULL, '2023-12-31 19:09:51', NULL),
(924, 2, NULL, NULL, '2024-01-02 11:35:46', NULL),
(925, 2, NULL, NULL, '2024-01-03 11:25:25', NULL),
(926, 2, NULL, NULL, '2024-01-03 20:01:04', NULL),
(927, 7, NULL, NULL, '2024-01-04 11:33:19', NULL),
(928, 2, NULL, NULL, '2024-01-04 18:00:13', NULL),
(929, 2, NULL, NULL, '2024-01-05 12:29:54', NULL),
(930, 7, NULL, NULL, '2024-01-07 09:28:00', NULL),
(931, 7, NULL, NULL, '2024-01-07 20:55:13', NULL),
(932, 2, NULL, NULL, '2024-01-08 11:10:26', NULL),
(933, 12, NULL, NULL, '2024-01-08 17:34:04', NULL),
(934, 12, NULL, NULL, '2024-01-08 20:01:11', NULL),
(935, 2, NULL, NULL, '2024-01-08 20:48:43', NULL),
(936, 2, NULL, NULL, '2024-01-09 12:22:07', NULL),
(937, 2, NULL, NULL, '2024-01-10 11:08:56', NULL),
(938, 2, NULL, NULL, '2024-01-11 11:10:12', NULL),
(939, 2, NULL, NULL, '2024-01-11 18:01:03', NULL),
(940, 2, NULL, NULL, '2024-01-12 11:33:25', NULL),
(941, 7, NULL, NULL, '2024-01-14 09:10:39', NULL),
(942, 7, NULL, NULL, '2024-01-14 20:09:25', NULL),
(943, 2, NULL, NULL, '2024-01-15 10:58:21', NULL),
(944, 12, NULL, NULL, '2024-01-15 17:53:55', NULL),
(945, 2, NULL, NULL, '2024-01-15 20:02:55', NULL),
(946, 2, NULL, NULL, '2024-01-16 11:33:08', NULL),
(947, 2, NULL, NULL, '2024-01-17 11:44:59', NULL),
(948, 7, NULL, NULL, '2024-01-18 10:48:49', NULL),
(949, 2, NULL, NULL, '2024-01-18 11:42:03', NULL),
(950, 2, NULL, NULL, '2024-01-18 18:00:35', NULL),
(951, 2, NULL, NULL, '2024-01-19 10:54:37', NULL),
(952, 7, NULL, NULL, '2024-01-19 14:44:36', NULL),
(953, 2, NULL, NULL, '2024-01-19 20:01:30', NULL),
(954, 7, NULL, NULL, '2024-01-21 09:21:48', NULL),
(955, 2, NULL, NULL, '2024-01-22 11:18:11', NULL),
(956, 7, NULL, NULL, '2024-01-22 15:47:44', NULL),
(957, 2, NULL, NULL, '2024-01-22 20:02:32', NULL),
(958, 2, NULL, NULL, '2024-01-23 11:11:44', NULL),
(959, 2, NULL, NULL, '2024-01-24 13:43:59', NULL),
(960, 2, NULL, NULL, '2024-01-25 11:15:41', NULL),
(961, 7, NULL, NULL, '2024-01-25 14:12:32', NULL),
(962, 2, NULL, NULL, '2024-01-25 18:00:44', NULL),
(963, 2, NULL, NULL, '2024-01-26 10:45:40', NULL),
(964, 7, NULL, NULL, '2024-01-26 15:54:26', NULL),
(965, 2, NULL, NULL, '2024-01-26 20:00:18', NULL),
(966, 2, NULL, NULL, '2024-01-28 09:48:55', NULL),
(967, 2, NULL, NULL, '2024-01-28 17:10:49', NULL),
(968, 7, NULL, NULL, '2024-01-28 17:10:53', NULL),
(969, 7, NULL, NULL, '2024-01-29 13:26:07', NULL),
(970, 2, NULL, NULL, '2024-01-30 10:47:28', NULL),
(971, 2, NULL, NULL, '2024-01-31 11:15:11', NULL),
(972, 2, NULL, NULL, '2024-02-01 11:11:53', NULL),
(973, 7, NULL, NULL, '2024-02-01 15:26:50', NULL),
(974, 2, NULL, NULL, '2024-02-01 18:00:46', NULL),
(975, 7, NULL, NULL, '2024-02-02 13:08:50', NULL),
(976, 2, NULL, NULL, '2024-02-02 20:01:31', NULL),
(977, 2, NULL, NULL, '2024-02-05 10:44:05', NULL),
(978, 7, NULL, NULL, '2024-02-05 12:36:30', NULL),
(979, 12, NULL, NULL, '2024-02-05 18:02:16', NULL),
(980, 2, NULL, NULL, '2024-02-05 20:01:03', NULL),
(981, 12, NULL, NULL, '2024-02-05 20:03:42', NULL),
(982, 2, NULL, NULL, '2024-02-06 10:29:12', NULL),
(983, 7, NULL, NULL, '2024-02-06 13:56:37', NULL),
(984, 7, NULL, NULL, '2024-02-07 13:36:39', NULL),
(985, 7, NULL, NULL, '2024-02-07 20:02:36', NULL),
(986, 2, NULL, NULL, '2024-02-07 20:02:55', NULL),
(987, 2, NULL, NULL, '2024-02-15 07:59:45', NULL),
(988, 7, NULL, NULL, '2024-02-15 08:12:36', NULL),
(989, 2, NULL, NULL, '2024-02-16 10:47:22', NULL),
(990, 7, NULL, NULL, '2024-02-16 14:56:45', NULL),
(991, 2, NULL, NULL, '2024-02-17 09:50:34', NULL),
(992, 7, NULL, NULL, '2024-02-18 09:17:50', NULL),
(993, 2, NULL, NULL, '2024-02-18 19:00:03', NULL),
(994, 7, NULL, NULL, '2024-02-18 19:06:08', NULL),
(995, 2, NULL, NULL, '2024-02-19 10:48:40', NULL),
(996, 7, NULL, NULL, '2024-02-19 15:50:38', NULL),
(997, 12, NULL, NULL, '2024-02-19 17:47:08', NULL),
(998, 12, NULL, NULL, '2024-02-19 20:08:30', NULL),
(999, 2, NULL, NULL, '2024-02-20 10:21:42', NULL),
(1000, 2, NULL, NULL, '2024-02-21 10:41:39', NULL),
(1001, 2, NULL, NULL, '2024-02-22 10:43:31', NULL),
(1002, 7, NULL, NULL, '2024-02-22 15:07:08', NULL),
(1003, 2, NULL, NULL, '2024-02-22 18:01:38', NULL),
(1004, 2, NULL, NULL, '2024-02-23 10:34:24', NULL),
(1005, 7, NULL, NULL, '2024-02-23 15:05:25', NULL),
(1006, 2, NULL, NULL, '2024-02-23 20:01:01', NULL),
(1007, 7, NULL, NULL, '2024-02-23 22:01:58', NULL),
(1008, 7, NULL, NULL, '2024-02-25 09:32:23', NULL),
(1009, 7, NULL, NULL, '2024-02-25 19:02:42', NULL),
(1010, 7, NULL, NULL, '2024-02-26 15:51:33', NULL),
(1011, 12, NULL, NULL, '2024-02-26 17:57:14', NULL),
(1012, 12, NULL, NULL, '2024-02-26 20:01:01', NULL),
(1013, 2, NULL, NULL, '2024-02-27 11:32:13', NULL),
(1014, 2, NULL, NULL, '2024-02-29 10:40:56', NULL),
(1015, 7, NULL, NULL, '2024-02-29 15:06:42', NULL),
(1016, 2, NULL, NULL, '2024-02-29 18:00:10', NULL),
(1017, 2, NULL, NULL, '2024-03-01 10:42:38', NULL),
(1018, 7, NULL, NULL, '2024-03-01 15:09:35', NULL),
(1019, 7, NULL, NULL, '2024-03-03 09:31:52', NULL);
INSERT INTO `TeacherSingIn` (`id`, `TeacherID`, `Hours`, `Memo`, `SignInDT`, `SignOutDT`) VALUES
(1020, 2, NULL, NULL, '2024-03-04 11:53:13', NULL),
(1021, 7, NULL, NULL, '2024-03-04 15:52:53', NULL),
(1022, 12, NULL, NULL, '2024-03-04 17:30:52', NULL),
(1023, 12, NULL, NULL, '2024-03-04 19:58:56', NULL),
(1024, 2, NULL, NULL, '2024-03-05 11:07:41', NULL),
(1025, 2, NULL, NULL, '2024-03-06 10:52:04', NULL),
(1026, 2, NULL, NULL, '2024-03-06 20:00:17', NULL),
(1027, 2, NULL, NULL, '2024-03-07 10:56:04', NULL),
(1028, 7, NULL, NULL, '2024-03-07 15:00:54', NULL),
(1029, 2, NULL, NULL, '2024-03-08 11:07:09', NULL),
(1030, 7, NULL, NULL, '2024-03-08 15:01:52', NULL),
(1031, 2, NULL, NULL, '2024-03-09 09:35:02', NULL),
(1032, 2, NULL, NULL, '2024-03-09 20:39:37', NULL),
(1033, 7, NULL, NULL, '2024-03-10 09:30:42', NULL),
(1034, 7, NULL, NULL, '2024-03-10 19:01:11', NULL),
(1035, 7, NULL, NULL, '2024-03-11 15:58:30', NULL),
(1036, 12, NULL, NULL, '2024-03-11 17:41:16', NULL),
(1037, 12, NULL, NULL, '2024-03-11 20:00:03', NULL),
(1038, 2, NULL, NULL, '2024-03-12 10:41:18', NULL),
(1039, 2, NULL, NULL, '2024-03-13 11:09:47', NULL),
(1040, 2, NULL, NULL, '2024-03-13 20:00:51', NULL),
(1041, 2, NULL, NULL, '2024-03-14 12:10:41', NULL),
(1042, 2, NULL, NULL, '2024-03-14 18:00:45', NULL),
(1043, 7, NULL, NULL, '2024-03-15 15:11:29', NULL),
(1044, 7, NULL, NULL, '2024-03-17 09:20:12', NULL),
(1045, 7, NULL, NULL, '2024-03-17 19:01:27', NULL),
(1046, 7, NULL, NULL, '2024-03-18 15:56:14', NULL),
(1047, 2, NULL, NULL, '2024-03-20 11:00:54', NULL),
(1048, 2, NULL, NULL, '2024-03-20 20:10:35', NULL),
(1049, 2, NULL, NULL, '2024-03-21 11:02:33', NULL),
(1050, 7, NULL, NULL, '2024-03-21 15:00:44', NULL),
(1051, 2, NULL, NULL, '2024-03-21 18:00:59', NULL),
(1052, 2, NULL, NULL, '2024-03-22 11:03:49', NULL),
(1053, 7, NULL, NULL, '2024-03-22 15:00:40', NULL),
(1054, 2, NULL, NULL, '2024-03-23 09:58:39', NULL),
(1055, 7, NULL, NULL, '2024-03-24 09:21:41', NULL),
(1056, 2, NULL, NULL, '2024-03-24 09:26:49', NULL),
(1057, 2, NULL, NULL, '2024-03-25 11:19:56', NULL),
(1058, 7, NULL, NULL, '2024-03-25 15:51:37', NULL),
(1059, 12, NULL, NULL, '2024-03-25 17:21:14', NULL),
(1060, 2, NULL, NULL, '2024-03-25 20:00:48', NULL),
(1061, 12, NULL, NULL, '2024-03-25 20:04:23', NULL),
(1062, 2, NULL, NULL, '2024-03-26 11:38:48', NULL),
(1063, 2, NULL, NULL, '2024-03-27 11:04:21', NULL),
(1064, 2, NULL, NULL, '2024-03-28 11:09:04', NULL),
(1065, 7, NULL, NULL, '2024-03-28 15:28:40', NULL),
(1066, 2, NULL, NULL, '2024-03-28 18:00:13', NULL),
(1067, 2, NULL, NULL, '2024-03-29 11:28:49', NULL),
(1068, 7, NULL, NULL, '2024-03-29 15:06:07', NULL),
(1069, 7, NULL, NULL, '2024-03-29 22:07:13', NULL),
(1070, 2, NULL, NULL, '2024-03-30 10:08:48', NULL),
(1071, 2, NULL, NULL, '2024-03-31 08:54:51', NULL),
(1072, 7, NULL, NULL, '2024-03-31 09:31:19', NULL),
(1073, 7, NULL, NULL, '2024-04-01 15:51:52', NULL),
(1074, 12, NULL, NULL, '2024-04-01 17:09:57', NULL),
(1075, 12, NULL, NULL, '2024-04-01 19:42:02', NULL),
(1076, 7, NULL, NULL, '2024-04-01 22:00:32', NULL),
(1077, 2, NULL, NULL, '2024-04-01 22:01:17', NULL),
(1078, 2, NULL, NULL, '2024-04-02 13:27:55', NULL),
(1079, 2, NULL, NULL, '2024-04-02 22:00:23', NULL),
(1080, 2, NULL, NULL, '2024-04-03 13:43:15', NULL),
(1081, 2, NULL, NULL, '2024-04-03 22:00:11', NULL),
(1082, 7, NULL, NULL, '2024-04-05 09:30:31', NULL),
(1083, 7, NULL, NULL, '2024-04-07 09:30:30', NULL),
(1084, 2, NULL, NULL, '2024-04-07 09:33:23', NULL),
(1085, 7, NULL, NULL, '2024-04-08 15:50:41', NULL),
(1086, 12, NULL, NULL, '2024-04-08 17:27:33', NULL),
(1087, 12, NULL, NULL, '2024-04-08 19:48:38', NULL),
(1088, 7, NULL, NULL, '2024-04-08 22:09:15', NULL),
(1089, 2, NULL, NULL, '2024-04-09 12:55:43', NULL),
(1090, 2, NULL, NULL, '2024-04-09 22:00:22', NULL),
(1091, 2, NULL, NULL, '2024-04-10 13:31:28', NULL),
(1092, 7, NULL, NULL, '2024-04-12 15:12:37', NULL),
(1093, 7, NULL, NULL, '2024-04-14 09:27:33', NULL),
(1094, 7, NULL, NULL, '2024-04-15 15:54:07', NULL),
(1095, 12, NULL, NULL, '2024-04-15 16:29:59', NULL),
(1096, 12, NULL, NULL, '2024-04-15 18:35:00', NULL),
(1097, 2, NULL, NULL, '2024-04-17 12:47:50', NULL),
(1098, 2, NULL, NULL, '2024-04-17 22:03:31', NULL),
(1099, 2, NULL, NULL, '2024-04-18 13:03:21', NULL),
(1100, 7, NULL, NULL, '2024-04-18 15:34:19', NULL),
(1101, 2, NULL, NULL, '2024-04-18 18:00:35', NULL),
(1102, 7, NULL, NULL, '2024-04-19 15:04:14', NULL),
(1103, 7, NULL, NULL, '2024-04-21 09:29:10', NULL),
(1104, 2, NULL, NULL, '2024-04-22 13:13:49', NULL),
(1105, 7, NULL, NULL, '2024-04-22 15:47:00', NULL),
(1106, 12, NULL, NULL, '2024-04-22 16:37:58', NULL),
(1107, 12, NULL, NULL, '2024-04-22 17:34:11', NULL),
(1108, 2, NULL, NULL, '2024-04-22 22:01:07', NULL),
(1109, 2, NULL, NULL, '2024-04-23 13:05:25', NULL),
(1110, 2, NULL, NULL, '2024-04-23 22:00:04', NULL),
(1111, 2, NULL, NULL, '2024-04-24 13:43:57', NULL),
(1112, 2, NULL, NULL, '2024-04-24 22:00:05', NULL),
(1113, 2, NULL, NULL, '2024-04-25 12:58:02', NULL),
(1114, 7, NULL, NULL, '2024-04-25 15:02:38', NULL),
(1115, 2, NULL, NULL, '2024-04-25 18:00:11', NULL),
(1116, 2, NULL, NULL, '2024-04-26 13:29:40', NULL),
(1117, 7, NULL, NULL, '2024-04-26 15:05:26', NULL),
(1118, 2, NULL, NULL, '2024-04-26 22:00:19', NULL),
(1119, 7, NULL, NULL, '2024-04-26 22:02:28', NULL),
(1120, 2, NULL, NULL, '2024-04-27 09:39:29', NULL),
(1121, 7, NULL, NULL, '2024-04-28 09:31:42', NULL),
(1122, 2, NULL, NULL, '2024-04-29 12:09:27', NULL),
(1123, 2, NULL, NULL, '2024-04-29 12:13:19', NULL),
(1124, 7, NULL, NULL, '2024-04-29 15:54:46', NULL),
(1125, 12, NULL, NULL, '2024-04-29 16:44:48', NULL),
(1126, 12, NULL, NULL, '2024-04-29 20:02:50', NULL),
(1127, 2, NULL, NULL, '2024-04-29 22:00:02', NULL),
(1128, 2, NULL, NULL, '2024-04-30 11:04:01', NULL),
(1129, 12, NULL, NULL, '2024-04-30 17:40:17', NULL),
(1130, 12, NULL, NULL, '2024-04-30 20:04:29', NULL),
(1131, 2, NULL, NULL, '2024-05-02 13:35:51', NULL),
(1132, 7, NULL, NULL, '2024-05-02 16:03:01', NULL),
(1133, 2, NULL, NULL, '2024-05-02 18:00:40', NULL),
(1134, 2, NULL, NULL, '2024-05-03 12:57:57', NULL),
(1135, 7, NULL, NULL, '2024-05-03 15:59:16', NULL),
(1136, 2, NULL, NULL, '2024-05-03 22:04:38', NULL),
(1137, 7, NULL, NULL, '2024-05-03 22:04:54', NULL),
(1138, 7, NULL, NULL, '2024-05-05 09:37:49', NULL),
(1139, 2, NULL, NULL, '2024-05-06 13:03:26', NULL),
(1140, 13, NULL, NULL, '2024-05-06 13:32:11', NULL),
(1141, 13, NULL, NULL, '2024-05-06 13:32:15', NULL),
(1142, 13, NULL, NULL, '2024-05-06 13:32:20', NULL),
(1143, 7, NULL, NULL, '2024-05-06 16:02:02', NULL),
(1144, 12, NULL, NULL, '2024-05-06 16:36:22', NULL),
(1145, 13, NULL, NULL, '2024-05-06 17:58:54', NULL),
(1146, 13, NULL, NULL, '2024-05-06 17:58:58', NULL),
(1147, 12, NULL, NULL, '2024-05-06 20:04:03', NULL),
(1148, 2, NULL, NULL, '2024-05-06 22:02:09', NULL),
(1149, 13, NULL, NULL, '2024-05-07 09:47:53', NULL),
(1150, 2, NULL, NULL, '2024-05-07 12:31:36', NULL),
(1151, 13, NULL, NULL, '2024-05-07 17:00:05', NULL),
(1152, 2, NULL, NULL, '2024-05-07 17:06:43', NULL),
(1153, 13, NULL, NULL, '2024-05-08 09:30:02', NULL),
(1154, 2, NULL, NULL, '2024-05-08 12:34:34', NULL),
(1155, 13, NULL, NULL, '2024-05-08 13:43:00', NULL),
(1156, 13, NULL, NULL, '2024-05-09 09:54:07', NULL),
(1157, 7, NULL, NULL, '2024-05-09 15:59:40', NULL),
(1158, 13, NULL, NULL, '2024-05-09 17:36:23', NULL),
(1159, 13, NULL, NULL, '2024-05-09 17:36:26', NULL),
(1160, 2, NULL, NULL, '2024-05-09 18:00:22', NULL),
(1161, 13, NULL, NULL, '2024-05-10 09:53:26', NULL),
(1162, 2, NULL, NULL, '2024-05-10 12:43:21', NULL),
(1163, 7, NULL, NULL, '2024-05-10 15:59:48', NULL),
(1164, 13, NULL, NULL, '2024-05-10 17:04:29', NULL),
(1165, 2, NULL, NULL, '2024-05-10 22:02:42', NULL),
(1166, 2, NULL, NULL, '2024-05-12 09:19:41', NULL),
(1167, 13, NULL, NULL, '2024-05-13 09:33:22', NULL),
(1168, 2, NULL, NULL, '2024-05-13 12:38:37', NULL),
(1169, 7, NULL, NULL, '2024-05-13 16:06:11', NULL),
(1170, 13, NULL, NULL, '2024-05-13 17:00:23', NULL),
(1171, 2, NULL, NULL, '2024-05-13 22:00:05', NULL),
(1172, 13, NULL, NULL, '2024-05-14 10:03:17', NULL),
(1173, 13, NULL, NULL, '2024-05-14 17:38:19', NULL),
(1174, 13, NULL, NULL, '2024-05-15 09:40:35', NULL),
(1175, 2, NULL, NULL, '2024-05-15 13:21:30', NULL),
(1176, 13, NULL, NULL, '2024-05-15 18:13:48', NULL),
(1177, 13, NULL, NULL, '2024-05-16 10:23:20', NULL),
(1178, 2, NULL, NULL, '2024-05-16 12:55:17', NULL),
(1179, 7, NULL, NULL, '2024-05-16 15:58:50', NULL),
(1180, 13, NULL, NULL, '2024-05-16 17:15:50', NULL),
(1181, 13, NULL, NULL, '2024-05-17 09:47:33', NULL),
(1182, 2, NULL, NULL, '2024-05-17 12:41:21', NULL),
(1183, 7, NULL, NULL, '2024-05-17 15:58:30', NULL),
(1184, 13, NULL, NULL, '2024-05-17 17:00:44', NULL),
(1185, 2, NULL, NULL, '2024-05-17 22:00:37', NULL),
(1186, 2, NULL, NULL, '2024-05-19 09:22:35', NULL),
(1187, 13, NULL, NULL, '2024-05-20 09:54:18', NULL),
(1188, 2, NULL, NULL, '2024-05-20 13:22:47', NULL),
(1189, 12, NULL, NULL, '2024-05-20 17:03:46', NULL),
(1190, 13, NULL, NULL, '2024-05-20 17:09:29', NULL),
(1191, 12, NULL, NULL, '2024-05-20 19:22:41', NULL),
(1192, 2, NULL, NULL, '2024-05-20 22:00:07', NULL),
(1193, 13, NULL, NULL, '2024-05-21 09:53:39', NULL),
(1194, 13, NULL, NULL, '2024-05-21 17:14:25', NULL),
(1195, 2, NULL, NULL, '2024-05-22 12:28:40', NULL),
(1196, 2, NULL, NULL, '2024-05-23 13:30:11', NULL),
(1197, 2, NULL, NULL, '2024-05-23 18:00:08', NULL),
(1198, 2, NULL, NULL, '2024-05-24 12:29:39', NULL),
(1199, 2, NULL, NULL, '2024-05-24 22:00:12', NULL),
(1200, 2, NULL, NULL, '2024-05-26 09:23:52', NULL),
(1201, 2, NULL, NULL, '2024-05-27 13:23:57', NULL),
(1202, 12, NULL, NULL, '2024-05-27 15:03:35', NULL),
(1203, 12, NULL, NULL, '2024-05-27 19:59:21', NULL),
(1204, 2, NULL, NULL, '2024-05-27 22:00:10', NULL),
(1205, 2, NULL, NULL, '2024-05-28 12:57:25', NULL),
(1206, 2, NULL, NULL, '2024-05-29 12:45:20', NULL),
(1207, 2, NULL, NULL, '2024-05-30 12:46:46', NULL),
(1208, 2, NULL, NULL, '2024-05-30 18:00:11', NULL),
(1209, 2, NULL, NULL, '2024-05-31 12:54:47', NULL),
(1210, 2, NULL, NULL, '2024-06-02 09:27:29', NULL),
(1211, 2, NULL, NULL, '2024-06-03 13:14:12', NULL),
(1212, 12, NULL, NULL, '2024-06-03 17:32:48', NULL),
(1213, 12, NULL, NULL, '2024-06-03 19:54:54', NULL),
(1214, 2, NULL, NULL, '2024-06-03 22:00:04', NULL),
(1215, 2, NULL, NULL, '2024-06-04 13:30:22', NULL),
(1216, 2, NULL, NULL, '2024-06-05 13:06:52', NULL),
(1217, 2, NULL, NULL, '2024-06-05 22:00:04', NULL),
(1218, 2, NULL, NULL, '2024-06-06 12:53:12', NULL),
(1219, 2, NULL, NULL, '2024-06-06 18:00:41', NULL),
(1220, 2, NULL, NULL, '2024-06-07 13:16:49', NULL),
(1221, 2, NULL, NULL, '2024-06-07 22:00:39', NULL),
(1222, 2, NULL, NULL, '2024-06-11 14:28:17', NULL),
(1223, 2, NULL, NULL, '2024-06-12 12:46:47', NULL),
(1224, 2, NULL, NULL, '2024-06-13 13:02:05', NULL),
(1225, 2, NULL, NULL, '2024-06-13 18:00:09', NULL),
(1226, 2, NULL, NULL, '2024-06-14 12:07:22', NULL),
(1227, 2, NULL, NULL, '2024-06-14 22:01:07', NULL),
(1228, 2, NULL, NULL, '2024-06-16 08:42:24', NULL),
(1229, 2, NULL, NULL, '2024-06-17 13:06:02', NULL),
(1230, 12, NULL, NULL, '2024-06-17 17:52:02', NULL),
(1231, 12, NULL, NULL, '2024-06-17 20:04:05', NULL),
(1232, 2, NULL, NULL, '2024-06-17 22:00:09', NULL),
(1233, 2, NULL, NULL, '2024-06-18 13:13:28', NULL),
(1234, 2, NULL, NULL, '2024-06-19 13:00:24', NULL),
(1235, 2, NULL, NULL, '2024-06-20 13:14:40', NULL),
(1236, 2, NULL, NULL, '2024-06-20 18:00:29', NULL),
(1237, 2, NULL, NULL, '2024-06-21 12:50:48', NULL),
(1238, 2, NULL, NULL, '2024-06-21 22:00:14', NULL),
(1239, 12, NULL, NULL, '2024-06-24 17:56:15', NULL),
(1240, 12, NULL, NULL, '2024-06-24 20:02:54', NULL),
(1241, 2, NULL, NULL, '2024-06-29 13:36:20', NULL),
(1242, 2, NULL, NULL, '2024-06-30 09:43:28', NULL),
(1243, 2, NULL, NULL, '2024-07-01 12:54:57', NULL),
(1244, 12, NULL, NULL, '2024-07-01 17:56:50', NULL),
(1245, 12, NULL, NULL, '2024-07-01 20:03:00', NULL),
(1246, 2, NULL, NULL, '2024-07-01 22:01:21', NULL),
(1247, 2, NULL, NULL, '2024-07-03 12:33:48', NULL),
(1248, 2, NULL, NULL, '2024-07-03 22:00:05', NULL),
(1249, 2, NULL, NULL, '2024-07-04 12:57:24', NULL),
(1250, 2, NULL, NULL, '2024-07-04 18:00:59', NULL),
(1251, 2, NULL, NULL, '2024-07-05 14:48:01', NULL),
(1252, 2, NULL, NULL, '2024-07-07 09:26:58', NULL),
(1253, 2, NULL, NULL, '2024-07-08 12:50:56', NULL),
(1254, 2, NULL, NULL, '2024-07-08 22:00:12', NULL),
(1255, 2, NULL, NULL, '2024-07-09 13:10:56', NULL),
(1256, 2, NULL, NULL, '2024-07-10 12:56:57', NULL),
(1257, 2, NULL, NULL, '2024-07-10 22:00:03', NULL),
(1258, 2, NULL, NULL, '2024-07-11 13:00:52', NULL),
(1259, 2, NULL, NULL, '2024-07-11 18:00:26', NULL),
(1260, 2, NULL, NULL, '2024-07-15 13:23:31', NULL),
(1261, 2, NULL, NULL, '2024-07-15 22:00:02', NULL),
(1262, 2, NULL, NULL, '2024-07-16 13:53:26', NULL),
(1263, 2, NULL, NULL, '2024-07-17 13:12:18', NULL),
(1264, 2, NULL, NULL, '2024-07-17 13:13:19', NULL),
(1265, 2, NULL, NULL, '2024-07-17 22:00:02', NULL),
(1266, 2, NULL, NULL, '2024-07-18 12:59:14', NULL),
(1267, 2, NULL, NULL, '2024-07-22 13:15:11', NULL),
(1268, 2, NULL, NULL, '2024-07-22 22:00:54', NULL),
(1269, 2, NULL, NULL, '2024-07-23 13:02:26', NULL),
(1270, 2, NULL, NULL, '2024-07-26 12:43:37', NULL),
(1271, 2, NULL, NULL, '2024-07-26 22:00:04', NULL),
(1272, 2, NULL, NULL, '2024-07-28 09:24:09', NULL),
(1273, 2, NULL, NULL, '2024-07-29 13:02:31', NULL),
(1274, 2, NULL, NULL, '2024-07-29 22:00:10', NULL),
(1275, 2, NULL, NULL, '2024-07-31 13:53:13', NULL),
(1276, 2, NULL, NULL, '2024-07-31 22:00:04', NULL),
(1277, 2, NULL, NULL, '2024-08-01 13:30:15', NULL),
(1278, 2, NULL, NULL, '2024-08-02 13:16:02', NULL),
(1279, 2, NULL, NULL, '2024-08-05 13:58:09', NULL),
(1280, 2, NULL, NULL, '2024-08-05 22:01:26', NULL),
(1281, 2, NULL, NULL, '2024-08-06 13:28:37', NULL),
(1282, 2, NULL, NULL, '2024-08-07 13:59:09', NULL),
(1283, 2, NULL, NULL, '2024-08-08 13:07:16', NULL),
(1284, 2, NULL, NULL, '2024-08-12 09:20:54', NULL),
(1285, 2, NULL, NULL, '2024-08-12 19:00:32', NULL),
(1286, 2, NULL, NULL, '2024-08-13 09:36:43', NULL),
(1287, 2, NULL, NULL, '2024-08-14 09:01:56', NULL),
(1288, 2, NULL, NULL, '2024-08-14 19:00:03', NULL),
(1289, 2, NULL, NULL, '2024-08-15 09:12:40', NULL),
(1290, 2, NULL, NULL, '2024-08-16 08:58:11', NULL),
(1291, 2, NULL, NULL, '2024-08-19 09:07:04', NULL),
(1292, 2, NULL, NULL, '2024-08-19 19:00:13', NULL),
(1293, 2, NULL, NULL, '2024-08-21 13:13:33', NULL),
(1294, 2, NULL, NULL, '2024-08-22 13:10:44', NULL),
(1295, 2, NULL, NULL, '2024-08-22 18:00:50', NULL),
(1296, 2, NULL, NULL, '2024-08-23 11:42:08', NULL),
(1297, 2, NULL, NULL, '2024-08-26 09:38:15', NULL),
(1298, 2, NULL, NULL, '2024-08-27 09:22:32', NULL),
(1299, 2, NULL, NULL, '2024-08-28 09:08:26', NULL),
(1300, 2, NULL, NULL, '2024-08-29 09:09:43', NULL),
(1301, 2, NULL, NULL, '2024-08-30 09:23:51', NULL),
(1302, 2, NULL, NULL, '2024-09-03 09:14:57', NULL),
(1303, 2, NULL, NULL, '2024-09-04 09:19:08', NULL),
(1304, 2, NULL, NULL, '2024-09-05 09:21:24', NULL),
(1305, 2, NULL, NULL, '2024-09-06 09:22:43', NULL),
(1306, 2, NULL, NULL, '2024-09-09 09:15:27', NULL),
(1307, 2, NULL, NULL, '2024-09-10 09:29:20', NULL),
(1308, 2, NULL, NULL, '2024-09-12 09:14:24', NULL),
(1309, 2, NULL, NULL, '2024-09-13 09:14:17', NULL),
(1310, 12, NULL, NULL, '2024-09-15 07:54:00', NULL),
(1311, 12, NULL, NULL, '2024-09-15 12:05:22', NULL),
(1312, 2, NULL, NULL, '2024-09-18 09:35:49', NULL),
(1313, 2, NULL, NULL, '2024-09-19 09:26:38', NULL),
(1314, 2, NULL, NULL, '2024-09-20 12:04:29', NULL),
(1315, 2, NULL, NULL, '2024-09-22 08:57:14', NULL),
(1316, 2, NULL, NULL, '2024-09-23 12:23:59', NULL),
(1317, 2, NULL, NULL, '2024-09-24 09:20:29', NULL),
(1318, 2, NULL, NULL, '2024-09-26 12:58:42', NULL),
(1319, 14, NULL, NULL, '2025-09-18 19:42:28', NULL);

-- --------------------------------------------------------

--
-- 資料表結構 `TeacherSubject`
--

CREATE TABLE `TeacherSubject` (
  `TeacherID` int(11) NOT NULL,
  `SubjectID` int(11) NOT NULL
) ENGINE=InnoDB DEFAULT CHARSET=utf8 COMMENT='老師對應課程';

-- --------------------------------------------------------

--
-- 資料表結構 `UserCampus`
--

CREATE TABLE `UserCampus` (
  `CampusID` int(11) NOT NULL,
  `UserID` int(11) NOT NULL,
  `Admin` int(11) NOT NULL DEFAULT 0 COMMENT '0: 讀 1: 寫 9:管理'
) ENGINE=InnoDB DEFAULT CHARSET=utf8;

--
-- 已匯出資料表的索引
--

--
-- 資料表索引 `BaseData`
--
ALTER TABLE `BaseData`
  ADD PRIMARY KEY (`id`),
  ADD UNIQUE KEY `Name` (`Name`,`Val`),
  ADD UNIQUE KEY `Name_2` (`Name`,`Val`,`TypeID`);

--
-- 資料表索引 `StudentClass`
--
ALTER TABLE `StudentClass`
  ADD PRIMARY KEY (`ID`);

--
-- 資料表索引 `StudentSingIn`
--
ALTER TABLE `StudentSingIn`
  ADD PRIMARY KEY (`id`);

--
-- 資料表索引 `Subject`
--
ALTER TABLE `Subject`
  ADD PRIMARY KEY (`id`) COMMENT '年級';

--
-- 資料表索引 `TeacherSchedule`
--
ALTER TABLE `TeacherSchedule`
  ADD PRIMARY KEY (`id`) COMMENT '老師周排程';

--
-- 資料表索引 `TeacherSingIn`
--
ALTER TABLE `TeacherSingIn`
  ADD PRIMARY KEY (`id`);

--
-- 在匯出的資料表使用 AUTO_INCREMENT
--

--
-- 使用資料表 AUTO_INCREMENT `BaseData`
--
ALTER TABLE `BaseData`
  MODIFY `id` int(11) NOT NULL AUTO_INCREMENT, AUTO_INCREMENT=54;
--
-- 使用資料表 AUTO_INCREMENT `StudentClass`
--
ALTER TABLE `StudentClass`
  MODIFY `ID` bigint(20) UNSIGNED NOT NULL AUTO_INCREMENT, AUTO_INCREMENT=14;
--
-- 使用資料表 AUTO_INCREMENT `StudentSingIn`
--
ALTER TABLE `StudentSingIn`
  MODIFY `id` bigint(20) NOT NULL AUTO_INCREMENT, AUTO_INCREMENT=72;
--
-- 使用資料表 AUTO_INCREMENT `Subject`
--
ALTER TABLE `Subject`
  MODIFY `id` int(11) NOT NULL AUTO_INCREMENT, AUTO_INCREMENT=64;
--
-- 使用資料表 AUTO_INCREMENT `TeacherSchedule`
--
ALTER TABLE `TeacherSchedule`
  MODIFY `id` int(11) NOT NULL AUTO_INCREMENT;
--
-- 使用資料表 AUTO_INCREMENT `TeacherSingIn`
--
ALTER TABLE `TeacherSingIn`
  MODIFY `id` bigint(20) NOT NULL AUTO_INCREMENT, AUTO_INCREMENT=1320;
